{"id":151,"date":"2026-04-02T16:07:19","date_gmt":"2026-04-02T16:07:19","guid":{"rendered":"https:\/\/accessories.azdigi.shop\/?post_type=product&#038;p=151"},"modified":"2026-04-08T15:41:00","modified_gmt":"2026-04-08T15:41:00","slug":"kinh-mat-ban-to-unisex-phong-cach-phi-cong-cyberpunk","status":"publish","type":"product","link":"https:\/\/accessories.azdigi.shop\/index.php\/product\/kinh-mat-ban-to-unisex-phong-cach-phi-cong-cyberpunk\/","title":{"rendered":"K\u00ednh M\u00e1t B\u1ea3n To UNISEX, Phong C\u00e1ch Phi C\u00f4ng Cyberpunk"},"content":{"rendered":"<div id=\"messageView\" class=\"message-view  \" tabindex=\"21\">\n<div id=\"messageViewContainer\" class=\" message-view__scroll \">\n<div class=\"transform-gpu\">\n<div id=\"messageViewScroll\" class=\"message-view__scroll__inner --audit-message-spacing --less-space preview-ts fadeInAndOut\">\n<div class=\"block-date\">\n<div class=\"chat-item flx  chat-item-audit chat-item-spacing --s1 me\">\n<div class=\"chat-content flx flx-col flx-cell chat-content-audit\">\n<div id=\"bb_msg_id_1775144671258\" class=\"chat-message chat-message-v2 wrap-message rotate-container me -send-time -reaction\" data-component=\"bubble-message\">\n<div class=\"message-wrapper message-wrapper--me\">\n<div class=\"message-content-wrapper\">\n<div class=\"message-content-render focused-background\">\n<div id=\"message-frame_1775144671258\" class=\" me  card shadow-bubble message-frame focused-item focused-item--has-border\" data-component=\"message-content-view\" data-qid=\"7685411466890@1775144671258_0_551880139454597680\">\n<div class=\"\" data-id=\"div_DisabledTargetEventLayer\">\n<div class=\"message-action\">\n<div id=\"text-mCntr_7685411466890-1775144671258-0-551880139454597680\" class=\"text-message__container\" data-id=\"div_SentMsg_Text\">\n<div><\/div>\n<\/div>\n<\/div>\n<\/div>\n<\/div>\n<\/div>\n<\/div>\n<\/div>\n<\/div>\n<\/div>\n<\/div>\n<div class=\"chat-item flx  chat-item-audit chat-item-spacing --s1 me\">\n<div class=\"chat-content flx flx-col flx-cell chat-content-audit\">\n<div id=\"bb_msg_id_1775145153981_0_551880139454597680\" class=\"chat-message chat-message-v2 wrap-message rotate-container me -send-time -reaction\" data-component=\"bubble-message\">\n<div class=\"message-wrapper message-wrapper--me\">\n<div class=\"message-content-wrapper\">\n<div class=\"message-content-render focused-background\">\n<div id=\"message-frame_1775145153981_0_551880139454597680\" class=\" me  pin-react  message-non-frame\" data-component=\"message-content-view\">\n<div class=\"\" data-id=\"div_DisabledTargetEventLayer\">\n<div class=\"message-action\">\n<div class=\"card--group-photo -bg-v-1\" data-id=\"div_SentMsg_GrpPhoto\">\n<div id=\"album-container\">\n<div class=\"album\">\n<div class=\"album__item card--group-photo card--group-photo-v2 focused-background\">\n<div class=\"card--group-photo__row__item no-dynamic focused-item\" data-component=\"photo\" data-qid=\"7685429054862@1775145154023_0_551880139454597680\">\n<div class=\"local-overlaying-message-status-wrapper\">\n<div class=\"chat-message-picture__photooverlay no-shadow-border\">\n<div id=\"image-mCntr_7685429054862-1775145154023-0-551880139454597680\">\n<div id=\"7685429054862_ImageGroupMessage_undefined\" class=\"DARWIN cloud-status local\"><a href=\"https:\/\/accessories.azdigi.shop\" target=\"_blank\" rel=\"noopener\"><span style=\"font-size: 14.4px;\">K\u00ednh m\u00e1t<\/span><\/a><span style=\"font-size: 14.4px;\"> lo\u1ea1i 1, ch\u1eafc ch\u1eafn, \u0111eo \u00f4m kh\u00f4ng b\u1ecb l\u1ecfng hay r\u1edbi tu\u1ed9t V <\/span><\/div>\n<div class=\"DARWIN cloud-status local\"><span style=\"font-size: 14.4px;\">Thi\u1ebft k\u1ebf g\u1ecdng to nh\u01b0ng kh\u00f4ng h\u1ec1 k\u00e9n m\u1eb7t, mang l\u00ean c\u1ef1c ch\u1ea5t Tone m\u00e0u tr\u1ebb trung, \u0111a d\u1ea1ng v\u00e0 l\u1ea1 m\u1eaft <\/span><\/div>\n<div class=\"DARWIN cloud-status local\"><span style=\"font-size: 14.4px;\">Ch\u1ea5t li\u1ec7u k\u00ednh m\u00e1t: nh\u1ef1a Ph\u00f9 h\u1ee3p \u0111i bi\u1ec3n, \u0111i du l\u1ecbch, \u0111i ch\u01a1i, ch\u1ee5p h\u00ecnh,&#8230;<\/span><\/div>\n<div class=\"DARWIN cloud-status local\"><span style=\"font-size: 14.4px;\">GLAM 100% s\u1ea3n ph\u1ea9m nh\u01b0 h\u00ecnh Ch\u1ea5t l\u01b0\u1ee3ng t\u1ed1t nh\u1ea5t &#8211; Gi\u00e1 r\u1ebb nh\u1ea5t H\u1ed7 tr\u1ee3 \u0111\u1ed5i h\u00e0ng mi\u1ec5n ph\u00ed trong tr\u01b0\u1eddng h\u1ee3p g\u1eedi nh\u1ea7m ho\u1eb7c s\u1ea3n ph\u1ea9m b\u1ecb l\u1ed7i do s\u1ea3n xu\u1ea5t (b\u1ea1n nh\u1edb quay l\u1ea1i video khui h\u00e0ng chi ti\u1ebft \u0111\u1ec3 shop h\u1ed7 tr\u1ee3 b\u1ea1n nha)\u00a0<a href=\"https:\/\/share.google\/cprp8FYqI087Kdoy1\" target=\"_blank\" rel=\"noopener\">https:\/\/share.google\/cprp8FYqI087Kdoy1<\/a><\/span><\/div>\n<div class=\"DARWIN cloud-status local\"><span style=\"font-size: 14.4px;\">Chat v\u1edbi GLAM n\u1ebfu b\u1ea1n c\u1ea7n th\u00eam th\u00f4ng tin s\u1ea3n ph\u1ea9m hay h\u1ed7 tr\u1ee3 th\u00eam v\u1ec1 b\u1ea5t k\u1ec3 v\u1ea5n \u0111\u1ec1 g\u00ec nh\u00e9 #kinh #kinhmat #kinhram #kinhdibien #kinhceline #kinhjennie #kinhbanto #kinhramnam #kinhramunisex #kinhbantonam #jennie #kinhmatjennie #kinhramjennie #kinhmatGM #kinhmatbanto #kinhramnu #kinhrambanto #cyberpunk #kinhmatnam #kinhmathanquoc #kinhmatcatinh #kinhmatgiare #kinhmatnu #kinhnu #kinhnam #kinhmatgongvuong #kinhgongvuong #k\u00ednh #kinhmatretro #kinhmatthoitrang #kinhmatretro #retro #phukienthoitrang<\/span><\/div>\n<\/div>\n<\/div>\n<\/div>\n<\/div>\n<\/div>\n<\/div>\n<\/div>\n<\/div>\n<\/div>\n<\/div>\n<\/div>\n<\/div>\n<\/div>\n<\/div>\n<\/div>\n<\/div>\n<\/div>\n<div class=\"chat-item flx  chat-item-audit chat-item-spacing me\">\n<div class=\"chat-content flx flx-col flx-cell chat-content-audit\">\n<div id=\"bb_msg_id_1775145593849\" class=\"chat-message chat-message-v2 wrap-message rotate-container me -send-time -reaction\" data-component=\"bubble-message\">\n<div class=\"message-wrapper message-wrapper--me\">\n<div class=\"message-content-wrapper\">\n<div class=\"message-content-render focused-background\">\n<div id=\"message-frame_1775145593849\" class=\" me  last-msg card shadow-bubble message-frame focused-item focused-item--has-border\" data-component=\"message-content-view\" data-qid=\"7685443905371@1775145593849_0_551880139454597680\">\n<div class=\"\" data-id=\"div_DisabledTargetEventLayer\">\n<div class=\"card-send-time flx flx-al-c flx-1 me  \"><\/div>\n<\/div>\n<\/div>\n<\/div>\n<\/div>\n<\/div>\n<\/div>\n<\/div>\n<\/div>\n<\/div>\n<\/div>\n<\/div>\n<\/div>\n<\/div>\n<div id=\"chat-box-input-container-id\" class=\"chat-box-input-container\">\n<div id=\"chat-box-bar-id\" class=\"chat-box-bar\">\n<div class=\"right-chat-box-bar\"><\/div>\n<\/div>\n<div id=\"chatInput\" class=\"chat-box-input chat-box-input--to-focus darwin\">\n<div class=\"chat-box-input__heading\"><\/div>\n<div id=\"chat-input-container-id\" class=\"chat-input-container\">\n<div class=\"chat-input-container__left-layout\">\n<div id=\"chat-input-scroller-id\" class=\"chat-input-scrollable\">\n<div class=\"chat-input-wrapper\">\n<div id=\"chat-input-content-id\" class=\"chat-input-content\">\n<div id=\"richInput\" class=\"rich-input empty\" tabindex=\"1\" contenteditable=\"false\" spellcheck=\"false\" data-keybinding-context=\"mainChatInputFocus#1\" data-translate-placeholder=\"STR_MESSAGE_TO\" data-trailer=\"My Documents\">\n<div id=\"input_line_0\"><\/div>\n<\/div>\n<\/div>\n<\/div>\n<\/div>\n<\/div>\n<\/div>\n<\/div>\n<\/div>\n","protected":false},"excerpt":{"rendered":"<p>K\u00ednh m\u00e1t lo\u1ea1i 1, ch\u1eafc ch\u1eafn, \u0111eo \u00f4m kh\u00f4ng b\u1ecb l\u1ecfng hay r\u1edbi tu\u1ed9t V Thi\u1ebft k\u1ebf g\u1ecdng to nh\u01b0ng kh\u00f4ng h\u1ec1 k\u00e9n m\u1eb7t, mang l\u00ean c\u1ef1c ch\u1ea5t Tone m\u00e0u tr\u1ebb trung, \u0111a d\u1ea1ng v\u00e0 l\u1ea1 m\u1eaft Ch\u1ea5t li\u1ec7u k\u00ednh m\u00e1t: nh\u1ef1a Ph\u00f9 h\u1ee3p \u0111i bi\u1ec3n, \u0111i du l\u1ecbch, \u0111i ch\u01a1i, ch\u1ee5p h\u00ecnh,&#8230; GLAM 100% [&#8230;]\n","protected":false},"featured_media":157,"comment_status":"open","ping_status":"closed","template":"","meta":[],"product_brand":[],"product_cat":[30],"product_tag":[],"class_list":{"0":"post-151","1":"product","2":"type-product","3":"status-publish","4":"has-post-thumbnail","6":"product_cat-mat-kinh","8":"first","9":"instock","10":"shipping-taxable","11":"purchasable","12":"product-type-variable"},"yoast_head":"<!-- This site is optimized with the Yoast SEO plugin v27.3 - https:\/\/yoast.com\/product\/yoast-seo-wordpress\/ -->\n<title>K\u00ednh M\u00e1t B\u1ea3n To UNISEX, Phong C\u00e1ch Phi C\u00f4ng Cyberpunk - Accessories<\/title>\n<meta name=\"description\" content=\"K\u00ednh m\u00e1t phong c\u00e1ch phi c\u00f4ng gi\u00fap ng\u01b0\u1eddi \u0111eo mang m\u1ed9t n\u0103ng l\u01b0\u1ee3ng cool ng\u1ea7u. K\u00ednh m\u00e1t n\u00e0y ph\u00f9 h\u1ee3p v\u1edbi m\u1ecdi l\u1ee9a tu\u1ed5i, khi \u0111eo k\u00ednh s\u1ebd t\u0103ng s\u1ee9c h\u00fat\" \/>\n<meta name=\"robots\" content=\"index, follow, max-snippet:-1, max-image-preview:large, max-video-preview:-1\" \/>\n<link rel=\"canonical\" href=\"https:\/\/accessories.azdigi.shop\/index.php\/product\/kinh-mat-ban-to-unisex-phong-cach-phi-cong-cyberpunk\/\" \/>\n<meta property=\"og:locale\" content=\"vi_VN\" \/>\n<meta property=\"og:type\" content=\"article\" \/>\n<meta property=\"og:title\" content=\"K\u00ednh M\u00e1t B\u1ea3n To UNISEX, Phong C\u00e1ch Phi C\u00f4ng Cyberpunk - Accessories\" \/>\n<meta property=\"og:description\" content=\"K\u00ednh m\u00e1t phong c\u00e1ch phi c\u00f4ng gi\u00fap ng\u01b0\u1eddi \u0111eo mang m\u1ed9t n\u0103ng l\u01b0\u1ee3ng cool ng\u1ea7u. K\u00ednh m\u00e1t n\u00e0y ph\u00f9 h\u1ee3p v\u1edbi m\u1ecdi l\u1ee9a tu\u1ed5i, khi \u0111eo k\u00ednh s\u1ebd t\u0103ng s\u1ee9c h\u00fat\" \/>\n<meta property=\"og:url\" content=\"https:\/\/accessories.azdigi.shop\/index.php\/product\/kinh-mat-ban-to-unisex-phong-cach-phi-cong-cyberpunk\/\" \/>\n<meta property=\"og:site_name\" content=\"Accessories\" \/>\n<meta property=\"article:modified_time\" content=\"2026-04-08T15:41:00+00:00\" \/>\n<meta property=\"og:image\" content=\"https:\/\/accessories.azdigi.shop\/wp-content\/uploads\/2026\/04\/z7685429052456_42e1e03fd794607cce2ecdc50f903a5b.jpg\" \/>\n\t<meta property=\"og:image:width\" content=\"1290\" \/>\n\t<meta property=\"og:image:height\" content=\"1291\" \/>\n\t<meta property=\"og:image:type\" content=\"image\/jpeg\" \/>\n<meta name=\"twitter:card\" content=\"summary_large_image\" \/>\n<meta name=\"twitter:label1\" content=\"\u01af\u1edbc t\u00ednh th\u1eddi gian \u0111\u1ecdc\" \/>\n\t<meta name=\"twitter:data1\" content=\"2 ph\u00fat\" \/>\n<script type=\"application\/ld+json\" class=\"yoast-schema-graph\">{\"@context\":\"https:\\\/\\\/schema.org\",\"@graph\":[{\"@type\":\"WebPage\",\"@id\":\"https:\\\/\\\/accessories.azdigi.shop\\\/index.php\\\/product\\\/kinh-mat-ban-to-unisex-phong-cach-phi-cong-cyberpunk\\\/\",\"url\":\"https:\\\/\\\/accessories.azdigi.shop\\\/index.php\\\/product\\\/kinh-mat-ban-to-unisex-phong-cach-phi-cong-cyberpunk\\\/\",\"name\":\"K\u00ednh M\u00e1t B\u1ea3n To UNISEX, Phong C\u00e1ch Phi C\u00f4ng Cyberpunk - Accessories\",\"isPartOf\":{\"@id\":\"https:\\\/\\\/accessories.azdigi.shop\\\/#website\"},\"primaryImageOfPage\":{\"@id\":\"https:\\\/\\\/accessories.azdigi.shop\\\/index.php\\\/product\\\/kinh-mat-ban-to-unisex-phong-cach-phi-cong-cyberpunk\\\/#primaryimage\"},\"image\":{\"@id\":\"https:\\\/\\\/accessories.azdigi.shop\\\/index.php\\\/product\\\/kinh-mat-ban-to-unisex-phong-cach-phi-cong-cyberpunk\\\/#primaryimage\"},\"thumbnailUrl\":\"https:\\\/\\\/accessories.azdigi.shop\\\/wp-content\\\/uploads\\\/2026\\\/04\\\/z7685429052456_42e1e03fd794607cce2ecdc50f903a5b.jpg\",\"datePublished\":\"2026-04-02T16:07:19+00:00\",\"dateModified\":\"2026-04-08T15:41:00+00:00\",\"description\":\"K\u00ednh m\u00e1t phong c\u00e1ch phi c\u00f4ng gi\u00fap ng\u01b0\u1eddi \u0111eo mang m\u1ed9t n\u0103ng l\u01b0\u1ee3ng cool ng\u1ea7u. K\u00ednh m\u00e1t n\u00e0y ph\u00f9 h\u1ee3p v\u1edbi m\u1ecdi l\u1ee9a tu\u1ed5i, khi \u0111eo k\u00ednh s\u1ebd t\u0103ng s\u1ee9c h\u00fat\",\"breadcrumb\":{\"@id\":\"https:\\\/\\\/accessories.azdigi.shop\\\/index.php\\\/product\\\/kinh-mat-ban-to-unisex-phong-cach-phi-cong-cyberpunk\\\/#breadcrumb\"},\"inLanguage\":\"vi\",\"potentialAction\":[{\"@type\":\"ReadAction\",\"target\":[\"https:\\\/\\\/accessories.azdigi.shop\\\/index.php\\\/product\\\/kinh-mat-ban-to-unisex-phong-cach-phi-cong-cyberpunk\\\/\"]}]},{\"@type\":\"ImageObject\",\"inLanguage\":\"vi\",\"@id\":\"https:\\\/\\\/accessories.azdigi.shop\\\/index.php\\\/product\\\/kinh-mat-ban-to-unisex-phong-cach-phi-cong-cyberpunk\\\/#primaryimage\",\"url\":\"https:\\\/\\\/accessories.azdigi.shop\\\/wp-content\\\/uploads\\\/2026\\\/04\\\/z7685429052456_42e1e03fd794607cce2ecdc50f903a5b.jpg\",\"contentUrl\":\"https:\\\/\\\/accessories.azdigi.shop\\\/wp-content\\\/uploads\\\/2026\\\/04\\\/z7685429052456_42e1e03fd794607cce2ecdc50f903a5b.jpg\",\"width\":1290,\"height\":1291},{\"@type\":\"BreadcrumbList\",\"@id\":\"https:\\\/\\\/accessories.azdigi.shop\\\/index.php\\\/product\\\/kinh-mat-ban-to-unisex-phong-cach-phi-cong-cyberpunk\\\/#breadcrumb\",\"itemListElement\":[{\"@type\":\"ListItem\",\"position\":1,\"name\":\"Home\",\"item\":\"https:\\\/\\\/accessories.azdigi.shop\\\/\"},{\"@type\":\"ListItem\",\"position\":2,\"name\":\"Shop\",\"item\":\"https:\\\/\\\/accessories.azdigi.shop\\\/index.php\\\/shop\\\/\"},{\"@type\":\"ListItem\",\"position\":3,\"name\":\"K\u00ednh M\u00e1t B\u1ea3n To UNISEX, Phong C\u00e1ch Phi C\u00f4ng Cyberpunk\"}]},{\"@type\":\"WebSite\",\"@id\":\"https:\\\/\\\/accessories.azdigi.shop\\\/#website\",\"url\":\"https:\\\/\\\/accessories.azdigi.shop\\\/\",\"name\":\"Accessories\",\"description\":\"\",\"publisher\":{\"@id\":\"https:\\\/\\\/accessories.azdigi.shop\\\/#organization\"},\"potentialAction\":[{\"@type\":\"SearchAction\",\"target\":{\"@type\":\"EntryPoint\",\"urlTemplate\":\"https:\\\/\\\/accessories.azdigi.shop\\\/?s={search_term_string}\"},\"query-input\":{\"@type\":\"PropertyValueSpecification\",\"valueRequired\":true,\"valueName\":\"search_term_string\"}}],\"inLanguage\":\"vi\"},{\"@type\":\"Organization\",\"@id\":\"https:\\\/\\\/accessories.azdigi.shop\\\/#organization\",\"name\":\"Accessories\",\"url\":\"https:\\\/\\\/accessories.azdigi.shop\\\/\",\"logo\":{\"@type\":\"ImageObject\",\"inLanguage\":\"vi\",\"@id\":\"https:\\\/\\\/accessories.azdigi.shop\\\/#\\\/schema\\\/logo\\\/image\\\/\",\"url\":\"https:\\\/\\\/accessories.azdigi.shop\\\/wp-content\\\/uploads\\\/2026\\\/03\\\/di-1.jpeg\",\"contentUrl\":\"https:\\\/\\\/accessories.azdigi.shop\\\/wp-content\\\/uploads\\\/2026\\\/03\\\/di-1.jpeg\",\"width\":490,\"height\":371,\"caption\":\"Accessories\"},\"image\":{\"@id\":\"https:\\\/\\\/accessories.azdigi.shop\\\/#\\\/schema\\\/logo\\\/image\\\/\"}}]}<\/script>\n<!-- \/ Yoast SEO plugin. -->","yoast_head_json":{"title":"K\u00ednh M\u00e1t B\u1ea3n To UNISEX, Phong C\u00e1ch Phi C\u00f4ng Cyberpunk - Accessories","description":"K\u00ednh m\u00e1t phong c\u00e1ch phi c\u00f4ng gi\u00fap ng\u01b0\u1eddi \u0111eo mang m\u1ed9t n\u0103ng l\u01b0\u1ee3ng cool ng\u1ea7u. K\u00ednh m\u00e1t n\u00e0y ph\u00f9 h\u1ee3p v\u1edbi m\u1ecdi l\u1ee9a tu\u1ed5i, khi \u0111eo k\u00ednh s\u1ebd t\u0103ng s\u1ee9c h\u00fat","robots":{"index":"index","follow":"follow","max-snippet":"max-snippet:-1","max-image-preview":"max-image-preview:large","max-video-preview":"max-video-preview:-1"},"canonical":"https:\/\/accessories.azdigi.shop\/index.php\/product\/kinh-mat-ban-to-unisex-phong-cach-phi-cong-cyberpunk\/","og_locale":"vi_VN","og_type":"article","og_title":"K\u00ednh M\u00e1t B\u1ea3n To UNISEX, Phong C\u00e1ch Phi C\u00f4ng Cyberpunk - Accessories","og_description":"K\u00ednh m\u00e1t phong c\u00e1ch phi c\u00f4ng gi\u00fap ng\u01b0\u1eddi \u0111eo mang m\u1ed9t n\u0103ng l\u01b0\u1ee3ng cool ng\u1ea7u. K\u00ednh m\u00e1t n\u00e0y ph\u00f9 h\u1ee3p v\u1edbi m\u1ecdi l\u1ee9a tu\u1ed5i, khi \u0111eo k\u00ednh s\u1ebd t\u0103ng s\u1ee9c h\u00fat","og_url":"https:\/\/accessories.azdigi.shop\/index.php\/product\/kinh-mat-ban-to-unisex-phong-cach-phi-cong-cyberpunk\/","og_site_name":"Accessories","article_modified_time":"2026-04-08T15:41:00+00:00","og_image":[{"width":1290,"height":1291,"url":"https:\/\/accessories.azdigi.shop\/wp-content\/uploads\/2026\/04\/z7685429052456_42e1e03fd794607cce2ecdc50f903a5b.jpg","type":"image\/jpeg"}],"twitter_card":"summary_large_image","twitter_misc":{"\u01af\u1edbc t\u00ednh th\u1eddi gian \u0111\u1ecdc":"2 ph\u00fat"},"schema":{"@context":"https:\/\/schema.org","@graph":[{"@type":"WebPage","@id":"https:\/\/accessories.azdigi.shop\/index.php\/product\/kinh-mat-ban-to-unisex-phong-cach-phi-cong-cyberpunk\/","url":"https:\/\/accessories.azdigi.shop\/index.php\/product\/kinh-mat-ban-to-unisex-phong-cach-phi-cong-cyberpunk\/","name":"K\u00ednh M\u00e1t B\u1ea3n To UNISEX, Phong C\u00e1ch Phi C\u00f4ng Cyberpunk - Accessories","isPartOf":{"@id":"https:\/\/accessories.azdigi.shop\/#website"},"primaryImageOfPage":{"@id":"https:\/\/accessories.azdigi.shop\/index.php\/product\/kinh-mat-ban-to-unisex-phong-cach-phi-cong-cyberpunk\/#primaryimage"},"image":{"@id":"https:\/\/accessories.azdigi.shop\/index.php\/product\/kinh-mat-ban-to-unisex-phong-cach-phi-cong-cyberpunk\/#primaryimage"},"thumbnailUrl":"https:\/\/accessories.azdigi.shop\/wp-content\/uploads\/2026\/04\/z7685429052456_42e1e03fd794607cce2ecdc50f903a5b.jpg","datePublished":"2026-04-02T16:07:19+00:00","dateModified":"2026-04-08T15:41:00+00:00","description":"K\u00ednh m\u00e1t phong c\u00e1ch phi c\u00f4ng gi\u00fap ng\u01b0\u1eddi \u0111eo mang m\u1ed9t n\u0103ng l\u01b0\u1ee3ng cool ng\u1ea7u. K\u00ednh m\u00e1t n\u00e0y ph\u00f9 h\u1ee3p v\u1edbi m\u1ecdi l\u1ee9a tu\u1ed5i, khi \u0111eo k\u00ednh s\u1ebd t\u0103ng s\u1ee9c h\u00fat","breadcrumb":{"@id":"https:\/\/accessories.azdigi.shop\/index.php\/product\/kinh-mat-ban-to-unisex-phong-cach-phi-cong-cyberpunk\/#breadcrumb"},"inLanguage":"vi","potentialAction":[{"@type":"ReadAction","target":["https:\/\/accessories.azdigi.shop\/index.php\/product\/kinh-mat-ban-to-unisex-phong-cach-phi-cong-cyberpunk\/"]}]},{"@type":"ImageObject","inLanguage":"vi","@id":"https:\/\/accessories.azdigi.shop\/index.php\/product\/kinh-mat-ban-to-unisex-phong-cach-phi-cong-cyberpunk\/#primaryimage","url":"https:\/\/accessories.azdigi.shop\/wp-content\/uploads\/2026\/04\/z7685429052456_42e1e03fd794607cce2ecdc50f903a5b.jpg","contentUrl":"https:\/\/accessories.azdigi.shop\/wp-content\/uploads\/2026\/04\/z7685429052456_42e1e03fd794607cce2ecdc50f903a5b.jpg","width":1290,"height":1291},{"@type":"BreadcrumbList","@id":"https:\/\/accessories.azdigi.shop\/index.php\/product\/kinh-mat-ban-to-unisex-phong-cach-phi-cong-cyberpunk\/#breadcrumb","itemListElement":[{"@type":"ListItem","position":1,"name":"Home","item":"https:\/\/accessories.azdigi.shop\/"},{"@type":"ListItem","position":2,"name":"Shop","item":"https:\/\/accessories.azdigi.shop\/index.php\/shop\/"},{"@type":"ListItem","position":3,"name":"K\u00ednh M\u00e1t B\u1ea3n To UNISEX, Phong C\u00e1ch Phi C\u00f4ng Cyberpunk"}]},{"@type":"WebSite","@id":"https:\/\/accessories.azdigi.shop\/#website","url":"https:\/\/accessories.azdigi.shop\/","name":"Accessories","description":"","publisher":{"@id":"https:\/\/accessories.azdigi.shop\/#organization"},"potentialAction":[{"@type":"SearchAction","target":{"@type":"EntryPoint","urlTemplate":"https:\/\/accessories.azdigi.shop\/?s={search_term_string}"},"query-input":{"@type":"PropertyValueSpecification","valueRequired":true,"valueName":"search_term_string"}}],"inLanguage":"vi"},{"@type":"Organization","@id":"https:\/\/accessories.azdigi.shop\/#organization","name":"Accessories","url":"https:\/\/accessories.azdigi.shop\/","logo":{"@type":"ImageObject","inLanguage":"vi","@id":"https:\/\/accessories.azdigi.shop\/#\/schema\/logo\/image\/","url":"https:\/\/accessories.azdigi.shop\/wp-content\/uploads\/2026\/03\/di-1.jpeg","contentUrl":"https:\/\/accessories.azdigi.shop\/wp-content\/uploads\/2026\/03\/di-1.jpeg","width":490,"height":371,"caption":"Accessories"},"image":{"@id":"https:\/\/accessories.azdigi.shop\/#\/schema\/logo\/image\/"}}]}},"_links":{"self":[{"href":"https:\/\/accessories.azdigi.shop\/index.php\/wp-json\/wp\/v2\/product\/151","targetHints":{"allow":["GET"]}}],"collection":[{"href":"https:\/\/accessories.azdigi.shop\/index.php\/wp-json\/wp\/v2\/product"}],"about":[{"href":"https:\/\/accessories.azdigi.shop\/index.php\/wp-json\/wp\/v2\/types\/product"}],"replies":[{"embeddable":true,"href":"https:\/\/accessories.azdigi.shop\/index.php\/wp-json\/wp\/v2\/comments?post=151"}],"wp:featuredmedia":[{"embeddable":true,"href":"https:\/\/accessories.azdigi.shop\/index.php\/wp-json\/wp\/v2\/media\/157"}],"wp:attachment":[{"href":"https:\/\/accessories.azdigi.shop\/index.php\/wp-json\/wp\/v2\/media?parent=151"}],"wp:term":[{"taxonomy":"product_brand","embeddable":true,"href":"https:\/\/accessories.azdigi.shop\/index.php\/wp-json\/wp\/v2\/product_brand?post=151"},{"taxonomy":"product_cat","embeddable":true,"href":"https:\/\/accessories.azdigi.shop\/index.php\/wp-json\/wp\/v2\/product_cat?post=151"},{"taxonomy":"product_tag","embeddable":true,"href":"https:\/\/accessories.azdigi.shop\/index.php\/wp-json\/wp\/v2\/product_tag?post=151"}],"curies":[{"name":"wp","href":"https:\/\/api.w.org\/{rel}","templated":true}]}}