{"id":214,"date":"2026-04-04T18:11:39","date_gmt":"2026-04-04T18:11:39","guid":{"rendered":"https:\/\/accessories.azdigi.shop\/?post_type=product&#038;p=214"},"modified":"2026-04-08T09:30:09","modified_gmt":"2026-04-08T09:30:09","slug":"tui-xach-sequin-tui-deo-vai-lap-lanh-dinh-da-pha-le","status":"publish","type":"product","link":"https:\/\/accessories.azdigi.shop\/index.php\/product\/tui-xach-sequin-tui-deo-vai-lap-lanh-dinh-da-pha-le\/","title":{"rendered":"T\u00fai X\u00e1ch Sequin T\u00fai \u0110eo Vai L\u1ea5p L\u00e1nh \u0110\u00ednh \u0110\u00e1 Pha L\u00ea"},"content":{"rendered":"<p>Lo\u1ea1i t\u00fai \u0111eo: <a href=\"https:\/\/share.google\/UzSthADx6ByFQv7KO\" target=\"_blank\" rel=\"noopener\">T\u00fai ti\u1ec7c bu\u1ed1i t\u1ed1i<\/a><\/p>\n<p>M\u00e0u: Silver<\/p>\n<p>Ch\u1ea5t li\u1ec7u: Rhinestone<\/p>\n<p>K\u00edch th\u01b0\u1edbc t\u00fai: 12 * 10,5 * 2cm \/ 4,72 * 4,13 * 0,79in (S), 25 * 17 * 2\u0441\u0442 \/ 9,84 * 6,69 * 0,79in (L)<\/p>\n<p>Lo\u1ea1i m\u00f4 h\u00ecnh: Long lanh<\/p>\n<p>Phong c\u00e1ch: Th\u1eddi trang<\/p>\n<p>Lo\u1ea1i m\u1eb7t h\u00e0ng: t\u00fai x\u00e1ch<\/p>\n<p>C\u00e1c lo\u1ea1i t\u00fai: vai &amp; t\u00fai x\u00e1ch<\/p>\n<p>S\u1ed1 tay c\u1ea7m \/ d\u00e2y \u0111ai: \u0110\u01a1n<\/p>\n<p>Gi\u1edbi t\u00ednh: Ph\u1ee5 n\u1eef<\/p>\n<p>\u0110\u00f3ng g\u00f3i: T\u00fai ti\u1ec7c t\u1ed1i 1 PC<\/p>\n<p>M\u1eb9o \u1ea5m: Xin l\u01b0u \u00fd r\u1eb1ng do hi\u1ec7u \u1ee9ng \u00e1nh s\u00e1ng, c\u00e0i \u0111\u1eb7t \u0111\u1ed9 s\u00e1ng \/ \u0111\u1ed9 t\u01b0\u01a1ng ph\u1ea3n c\u1ee7a m\u00e0n h\u00ecnh, v.v., c\u00f3 th\u1ebf c\u00f3 m\u1ed9t s\u1ed1 kh\u00e1c bi\u1ec7t nh\u1ecf trong t\u00f4ng m\u00e0u c\u1ee7a \u1ea3nh tr\u00ean <a href=\"https:\/\/accessories.azdigi.shop\" target=\"_blank\" rel=\"noopener\">trang web<\/a> v\u00e0 m\u1eb7t h\u00e0ng th\u1ef1c t\u1ebf.<\/p>\n<p>M\u1ee5c \u0110o b\u1eb1ng tay, n\u00f3 c\u00f3 th\u1ec3 l\u00e0 1 cm (0,39in) kh\u00e1c nhau, s\u1ef1 hi\u1ec3u bi\u1ebft c\u1ee7a b\u1ea1n s\u1ebd \u0111\u01b0\u1ee3c \u0111\u00e1nh gi\u00e1 cao.<\/p>\n<p>T\u00fai ti\u1ec7c bu\u1ed1i t\u1ed1i T\u00fai \u0111eo vai long lanh T\u00fai \u0111eo ch\u00e9o \u0111\u00ednh c\u01b0\u1eddm T\u00fai b\u1ea1c s\u00e1ng b\u00f3ng T\u00fai Sequin T\u00ednh kh\u00ed nh\u1ecf T\u00fai d\u01b0\u1edbi c\u00e1nh tay V\u00ed nh\u1ecf B\u1eefa ti\u1ec7c Ph\u1ee5 n\u1eef \u0110\u00e1m c\u01b0\u1edbi Ph\u00e1p Thanh l\u1ecbch Di \u0111\u1ed9ng \u0110\u01a1n<\/p>\n","protected":false},"excerpt":{"rendered":"<p>Lo\u1ea1i t\u00fai \u0111eo: T\u00fai ti\u1ec7c bu\u1ed1i t\u1ed1i M\u00e0u: Silver Ch\u1ea5t li\u1ec7u: Rhinestone K\u00edch th\u01b0\u1edbc t\u00fai: 12 * 10,5 * 2cm \/ 4,72 * 4,13 * 0,79in (S), 25 * 17 * 2\u0441\u0442 \/ 9,84 * 6,69 * 0,79in (L) Lo\u1ea1i m\u00f4 h\u00ecnh: Long lanh Phong c\u00e1ch: Th\u1eddi trang Lo\u1ea1i m\u1eb7t h\u00e0ng: t\u00fai x\u00e1ch C\u00e1c lo\u1ea1i [&#8230;]\n","protected":false},"featured_media":215,"comment_status":"open","ping_status":"closed","template":"","meta":[],"product_brand":[],"product_cat":[31],"product_tag":[],"class_list":{"0":"post-214","1":"product","2":"type-product","3":"status-publish","4":"has-post-thumbnail","6":"product_cat-tui","8":"first","9":"instock","10":"shipping-taxable","11":"purchasable","12":"product-type-simple"},"yoast_head":"<!-- This site is optimized with the Yoast SEO plugin v27.3 - https:\/\/yoast.com\/product\/yoast-seo-wordpress\/ -->\n<title>T\u00fai X\u00e1ch Sequin T\u00fai \u0110eo Vai L\u1ea5p L\u00e1nh \u0110\u00ednh \u0110\u00e1 Pha L\u00ea - Accessories<\/title>\n<meta name=\"robots\" content=\"index, follow, max-snippet:-1, max-image-preview:large, max-video-preview:-1\" \/>\n<link rel=\"canonical\" href=\"https:\/\/accessories.azdigi.shop\/index.php\/product\/tui-xach-sequin-tui-deo-vai-lap-lanh-dinh-da-pha-le\/\" \/>\n<meta property=\"og:locale\" content=\"vi_VN\" \/>\n<meta property=\"og:type\" content=\"article\" \/>\n<meta property=\"og:title\" content=\"T\u00fai X\u00e1ch Sequin T\u00fai \u0110eo Vai L\u1ea5p L\u00e1nh \u0110\u00ednh \u0110\u00e1 Pha L\u00ea - Accessories\" \/>\n<meta property=\"og:description\" content=\"Lo\u1ea1i t\u00fai \u0111eo: T\u00fai ti\u1ec7c bu\u1ed1i t\u1ed1i M\u00e0u: Silver Ch\u1ea5t li\u1ec7u: Rhinestone K\u00edch th\u01b0\u1edbc t\u00fai: 12 * 10,5 * 2cm \/ 4,72 * 4,13 * 0,79in (S), 25 * 17 * 2\u0441\u0442 \/ 9,84 * 6,69 * 0,79in (L) Lo\u1ea1i m\u00f4 h\u00ecnh: Long lanh Phong c\u00e1ch: Th\u1eddi trang Lo\u1ea1i m\u1eb7t h\u00e0ng: t\u00fai x\u00e1ch C\u00e1c lo\u1ea1i [...]\" \/>\n<meta property=\"og:url\" content=\"https:\/\/accessories.azdigi.shop\/index.php\/product\/tui-xach-sequin-tui-deo-vai-lap-lanh-dinh-da-pha-le\/\" \/>\n<meta property=\"og:site_name\" content=\"Accessories\" \/>\n<meta property=\"article:modified_time\" content=\"2026-04-08T09:30:09+00:00\" \/>\n<meta property=\"og:image\" content=\"https:\/\/accessories.azdigi.shop\/wp-content\/uploads\/2026\/04\/z7692251037642_ea6afbf92faca9904181af4f7d197c29.jpg\" \/>\n\t<meta property=\"og:image:width\" content=\"1290\" \/>\n\t<meta property=\"og:image:height\" content=\"1266\" \/>\n\t<meta property=\"og:image:type\" content=\"image\/jpeg\" \/>\n<meta name=\"twitter:card\" content=\"summary_large_image\" \/>\n<meta name=\"twitter:label1\" content=\"\u01af\u1edbc t\u00ednh th\u1eddi gian \u0111\u1ecdc\" \/>\n\t<meta name=\"twitter:data1\" content=\"2 ph\u00fat\" \/>\n<script type=\"application\/ld+json\" class=\"yoast-schema-graph\">{\"@context\":\"https:\\\/\\\/schema.org\",\"@graph\":[{\"@type\":\"WebPage\",\"@id\":\"https:\\\/\\\/accessories.azdigi.shop\\\/index.php\\\/product\\\/tui-xach-sequin-tui-deo-vai-lap-lanh-dinh-da-pha-le\\\/\",\"url\":\"https:\\\/\\\/accessories.azdigi.shop\\\/index.php\\\/product\\\/tui-xach-sequin-tui-deo-vai-lap-lanh-dinh-da-pha-le\\\/\",\"name\":\"T\u00fai X\u00e1ch Sequin T\u00fai \u0110eo Vai L\u1ea5p L\u00e1nh \u0110\u00ednh \u0110\u00e1 Pha L\u00ea - Accessories\",\"isPartOf\":{\"@id\":\"https:\\\/\\\/accessories.azdigi.shop\\\/#website\"},\"primaryImageOfPage\":{\"@id\":\"https:\\\/\\\/accessories.azdigi.shop\\\/index.php\\\/product\\\/tui-xach-sequin-tui-deo-vai-lap-lanh-dinh-da-pha-le\\\/#primaryimage\"},\"image\":{\"@id\":\"https:\\\/\\\/accessories.azdigi.shop\\\/index.php\\\/product\\\/tui-xach-sequin-tui-deo-vai-lap-lanh-dinh-da-pha-le\\\/#primaryimage\"},\"thumbnailUrl\":\"https:\\\/\\\/accessories.azdigi.shop\\\/wp-content\\\/uploads\\\/2026\\\/04\\\/z7692251037642_ea6afbf92faca9904181af4f7d197c29.jpg\",\"datePublished\":\"2026-04-04T18:11:39+00:00\",\"dateModified\":\"2026-04-08T09:30:09+00:00\",\"breadcrumb\":{\"@id\":\"https:\\\/\\\/accessories.azdigi.shop\\\/index.php\\\/product\\\/tui-xach-sequin-tui-deo-vai-lap-lanh-dinh-da-pha-le\\\/#breadcrumb\"},\"inLanguage\":\"vi\",\"potentialAction\":[{\"@type\":\"ReadAction\",\"target\":[\"https:\\\/\\\/accessories.azdigi.shop\\\/index.php\\\/product\\\/tui-xach-sequin-tui-deo-vai-lap-lanh-dinh-da-pha-le\\\/\"]}]},{\"@type\":\"ImageObject\",\"inLanguage\":\"vi\",\"@id\":\"https:\\\/\\\/accessories.azdigi.shop\\\/index.php\\\/product\\\/tui-xach-sequin-tui-deo-vai-lap-lanh-dinh-da-pha-le\\\/#primaryimage\",\"url\":\"https:\\\/\\\/accessories.azdigi.shop\\\/wp-content\\\/uploads\\\/2026\\\/04\\\/z7692251037642_ea6afbf92faca9904181af4f7d197c29.jpg\",\"contentUrl\":\"https:\\\/\\\/accessories.azdigi.shop\\\/wp-content\\\/uploads\\\/2026\\\/04\\\/z7692251037642_ea6afbf92faca9904181af4f7d197c29.jpg\",\"width\":1290,\"height\":1266},{\"@type\":\"BreadcrumbList\",\"@id\":\"https:\\\/\\\/accessories.azdigi.shop\\\/index.php\\\/product\\\/tui-xach-sequin-tui-deo-vai-lap-lanh-dinh-da-pha-le\\\/#breadcrumb\",\"itemListElement\":[{\"@type\":\"ListItem\",\"position\":1,\"name\":\"Home\",\"item\":\"https:\\\/\\\/accessories.azdigi.shop\\\/\"},{\"@type\":\"ListItem\",\"position\":2,\"name\":\"Shop\",\"item\":\"https:\\\/\\\/accessories.azdigi.shop\\\/index.php\\\/shop\\\/\"},{\"@type\":\"ListItem\",\"position\":3,\"name\":\"T\u00fai X\u00e1ch Sequin T\u00fai \u0110eo Vai L\u1ea5p L\u00e1nh \u0110\u00ednh \u0110\u00e1 Pha L\u00ea\"}]},{\"@type\":\"WebSite\",\"@id\":\"https:\\\/\\\/accessories.azdigi.shop\\\/#website\",\"url\":\"https:\\\/\\\/accessories.azdigi.shop\\\/\",\"name\":\"Accessories\",\"description\":\"\",\"publisher\":{\"@id\":\"https:\\\/\\\/accessories.azdigi.shop\\\/#organization\"},\"potentialAction\":[{\"@type\":\"SearchAction\",\"target\":{\"@type\":\"EntryPoint\",\"urlTemplate\":\"https:\\\/\\\/accessories.azdigi.shop\\\/?s={search_term_string}\"},\"query-input\":{\"@type\":\"PropertyValueSpecification\",\"valueRequired\":true,\"valueName\":\"search_term_string\"}}],\"inLanguage\":\"vi\"},{\"@type\":\"Organization\",\"@id\":\"https:\\\/\\\/accessories.azdigi.shop\\\/#organization\",\"name\":\"Accessories\",\"url\":\"https:\\\/\\\/accessories.azdigi.shop\\\/\",\"logo\":{\"@type\":\"ImageObject\",\"inLanguage\":\"vi\",\"@id\":\"https:\\\/\\\/accessories.azdigi.shop\\\/#\\\/schema\\\/logo\\\/image\\\/\",\"url\":\"https:\\\/\\\/accessories.azdigi.shop\\\/wp-content\\\/uploads\\\/2026\\\/03\\\/di-1.jpeg\",\"contentUrl\":\"https:\\\/\\\/accessories.azdigi.shop\\\/wp-content\\\/uploads\\\/2026\\\/03\\\/di-1.jpeg\",\"width\":490,\"height\":371,\"caption\":\"Accessories\"},\"image\":{\"@id\":\"https:\\\/\\\/accessories.azdigi.shop\\\/#\\\/schema\\\/logo\\\/image\\\/\"}}]}<\/script>\n<!-- \/ Yoast SEO plugin. -->","yoast_head_json":{"title":"T\u00fai X\u00e1ch Sequin T\u00fai \u0110eo Vai L\u1ea5p L\u00e1nh \u0110\u00ednh \u0110\u00e1 Pha L\u00ea - Accessories","robots":{"index":"index","follow":"follow","max-snippet":"max-snippet:-1","max-image-preview":"max-image-preview:large","max-video-preview":"max-video-preview:-1"},"canonical":"https:\/\/accessories.azdigi.shop\/index.php\/product\/tui-xach-sequin-tui-deo-vai-lap-lanh-dinh-da-pha-le\/","og_locale":"vi_VN","og_type":"article","og_title":"T\u00fai X\u00e1ch Sequin T\u00fai \u0110eo Vai L\u1ea5p L\u00e1nh \u0110\u00ednh \u0110\u00e1 Pha L\u00ea - Accessories","og_description":"Lo\u1ea1i t\u00fai \u0111eo: T\u00fai ti\u1ec7c bu\u1ed1i t\u1ed1i M\u00e0u: Silver Ch\u1ea5t li\u1ec7u: Rhinestone K\u00edch th\u01b0\u1edbc t\u00fai: 12 * 10,5 * 2cm \/ 4,72 * 4,13 * 0,79in (S), 25 * 17 * 2\u0441\u0442 \/ 9,84 * 6,69 * 0,79in (L) Lo\u1ea1i m\u00f4 h\u00ecnh: Long lanh Phong c\u00e1ch: Th\u1eddi trang Lo\u1ea1i m\u1eb7t h\u00e0ng: t\u00fai x\u00e1ch C\u00e1c lo\u1ea1i [...]","og_url":"https:\/\/accessories.azdigi.shop\/index.php\/product\/tui-xach-sequin-tui-deo-vai-lap-lanh-dinh-da-pha-le\/","og_site_name":"Accessories","article_modified_time":"2026-04-08T09:30:09+00:00","og_image":[{"width":1290,"height":1266,"url":"https:\/\/accessories.azdigi.shop\/wp-content\/uploads\/2026\/04\/z7692251037642_ea6afbf92faca9904181af4f7d197c29.jpg","type":"image\/jpeg"}],"twitter_card":"summary_large_image","twitter_misc":{"\u01af\u1edbc t\u00ednh th\u1eddi gian \u0111\u1ecdc":"2 ph\u00fat"},"schema":{"@context":"https:\/\/schema.org","@graph":[{"@type":"WebPage","@id":"https:\/\/accessories.azdigi.shop\/index.php\/product\/tui-xach-sequin-tui-deo-vai-lap-lanh-dinh-da-pha-le\/","url":"https:\/\/accessories.azdigi.shop\/index.php\/product\/tui-xach-sequin-tui-deo-vai-lap-lanh-dinh-da-pha-le\/","name":"T\u00fai X\u00e1ch Sequin T\u00fai \u0110eo Vai L\u1ea5p L\u00e1nh \u0110\u00ednh \u0110\u00e1 Pha L\u00ea - Accessories","isPartOf":{"@id":"https:\/\/accessories.azdigi.shop\/#website"},"primaryImageOfPage":{"@id":"https:\/\/accessories.azdigi.shop\/index.php\/product\/tui-xach-sequin-tui-deo-vai-lap-lanh-dinh-da-pha-le\/#primaryimage"},"image":{"@id":"https:\/\/accessories.azdigi.shop\/index.php\/product\/tui-xach-sequin-tui-deo-vai-lap-lanh-dinh-da-pha-le\/#primaryimage"},"thumbnailUrl":"https:\/\/accessories.azdigi.shop\/wp-content\/uploads\/2026\/04\/z7692251037642_ea6afbf92faca9904181af4f7d197c29.jpg","datePublished":"2026-04-04T18:11:39+00:00","dateModified":"2026-04-08T09:30:09+00:00","breadcrumb":{"@id":"https:\/\/accessories.azdigi.shop\/index.php\/product\/tui-xach-sequin-tui-deo-vai-lap-lanh-dinh-da-pha-le\/#breadcrumb"},"inLanguage":"vi","potentialAction":[{"@type":"ReadAction","target":["https:\/\/accessories.azdigi.shop\/index.php\/product\/tui-xach-sequin-tui-deo-vai-lap-lanh-dinh-da-pha-le\/"]}]},{"@type":"ImageObject","inLanguage":"vi","@id":"https:\/\/accessories.azdigi.shop\/index.php\/product\/tui-xach-sequin-tui-deo-vai-lap-lanh-dinh-da-pha-le\/#primaryimage","url":"https:\/\/accessories.azdigi.shop\/wp-content\/uploads\/2026\/04\/z7692251037642_ea6afbf92faca9904181af4f7d197c29.jpg","contentUrl":"https:\/\/accessories.azdigi.shop\/wp-content\/uploads\/2026\/04\/z7692251037642_ea6afbf92faca9904181af4f7d197c29.jpg","width":1290,"height":1266},{"@type":"BreadcrumbList","@id":"https:\/\/accessories.azdigi.shop\/index.php\/product\/tui-xach-sequin-tui-deo-vai-lap-lanh-dinh-da-pha-le\/#breadcrumb","itemListElement":[{"@type":"ListItem","position":1,"name":"Home","item":"https:\/\/accessories.azdigi.shop\/"},{"@type":"ListItem","position":2,"name":"Shop","item":"https:\/\/accessories.azdigi.shop\/index.php\/shop\/"},{"@type":"ListItem","position":3,"name":"T\u00fai X\u00e1ch Sequin T\u00fai \u0110eo Vai L\u1ea5p L\u00e1nh \u0110\u00ednh \u0110\u00e1 Pha L\u00ea"}]},{"@type":"WebSite","@id":"https:\/\/accessories.azdigi.shop\/#website","url":"https:\/\/accessories.azdigi.shop\/","name":"Accessories","description":"","publisher":{"@id":"https:\/\/accessories.azdigi.shop\/#organization"},"potentialAction":[{"@type":"SearchAction","target":{"@type":"EntryPoint","urlTemplate":"https:\/\/accessories.azdigi.shop\/?s={search_term_string}"},"query-input":{"@type":"PropertyValueSpecification","valueRequired":true,"valueName":"search_term_string"}}],"inLanguage":"vi"},{"@type":"Organization","@id":"https:\/\/accessories.azdigi.shop\/#organization","name":"Accessories","url":"https:\/\/accessories.azdigi.shop\/","logo":{"@type":"ImageObject","inLanguage":"vi","@id":"https:\/\/accessories.azdigi.shop\/#\/schema\/logo\/image\/","url":"https:\/\/accessories.azdigi.shop\/wp-content\/uploads\/2026\/03\/di-1.jpeg","contentUrl":"https:\/\/accessories.azdigi.shop\/wp-content\/uploads\/2026\/03\/di-1.jpeg","width":490,"height":371,"caption":"Accessories"},"image":{"@id":"https:\/\/accessories.azdigi.shop\/#\/schema\/logo\/image\/"}}]}},"_links":{"self":[{"href":"https:\/\/accessories.azdigi.shop\/index.php\/wp-json\/wp\/v2\/product\/214","targetHints":{"allow":["GET"]}}],"collection":[{"href":"https:\/\/accessories.azdigi.shop\/index.php\/wp-json\/wp\/v2\/product"}],"about":[{"href":"https:\/\/accessories.azdigi.shop\/index.php\/wp-json\/wp\/v2\/types\/product"}],"replies":[{"embeddable":true,"href":"https:\/\/accessories.azdigi.shop\/index.php\/wp-json\/wp\/v2\/comments?post=214"}],"wp:featuredmedia":[{"embeddable":true,"href":"https:\/\/accessories.azdigi.shop\/index.php\/wp-json\/wp\/v2\/media\/215"}],"wp:attachment":[{"href":"https:\/\/accessories.azdigi.shop\/index.php\/wp-json\/wp\/v2\/media?parent=214"}],"wp:term":[{"taxonomy":"product_brand","embeddable":true,"href":"https:\/\/accessories.azdigi.shop\/index.php\/wp-json\/wp\/v2\/product_brand?post=214"},{"taxonomy":"product_cat","embeddable":true,"href":"https:\/\/accessories.azdigi.shop\/index.php\/wp-json\/wp\/v2\/product_cat?post=214"},{"taxonomy":"product_tag","embeddable":true,"href":"https:\/\/accessories.azdigi.shop\/index.php\/wp-json\/wp\/v2\/product_tag?post=214"}],"curies":[{"name":"wp","href":"https:\/\/api.w.org\/{rel}","templated":true}]}}