{"id":250,"date":"2026-04-07T15:06:56","date_gmt":"2026-04-07T15:06:56","guid":{"rendered":"https:\/\/accessories.azdigi.shop\/?post_type=product&#038;p=250"},"modified":"2026-04-08T08:52:39","modified_gmt":"2026-04-08T08:52:39","slug":"lac-tay-nhieu-lop-bang-kim-titan-phong-cach-au-my","status":"publish","type":"product","link":"https:\/\/accessories.azdigi.shop\/index.php\/product\/lac-tay-nhieu-lop-bang-kim-titan-phong-cach-au-my\/","title":{"rendered":"L\u1eafc Tay Nhi\u1ec1u L\u1edbp B\u1eb1ng Kim Titan Phong C\u00e1ch \u00c2u M\u1ef9"},"content":{"rendered":"<p>V\u1edbi ph\u00e1i \u0111\u1eb9p, <a href=\"https:\/\/accessories.azdigi.shop\" target=\"_blank\" rel=\"noopener\">v\u00f2ng tay<\/a> lu\u00f4n l\u00e0 m\u00f3n ph\u1ee5 ki\u1ec7n kh\u00f4ng th\u1ec3 thi\u1ebfu.<\/p>\n<p>D\u00f9 trong b\u1ea5t c\u1ee9 ho\u00e0n c\u1ea3nh v\u00e0 \u0111i\u1ec1u ki\u1ec7n n\u00e0o th\u00ec ch\u00fang s\u1ebd t\u00f4n l\u00ean n\u00e9t \u0111\u1eb9p, phong c\u00e1ch v\u00e0 th\u1ea7n th\u00e1i c\u1ee7a b\u1ea1n.<\/p>\n<p>B\u1ed9 s\u01b0u t\u1eadp v\u00f2ng tay n\u00e0y s\u1ebd kh\u00f4ng l\u00e0m b\u1ea1n th\u1ea5t v\u1ecdng, lu\u00f4n n\u1ed5i b\u1eadt v\u00e0 thu h\u00fat t\u1eeb c\u00e1i nh\u00ecn \u0111\u1ea7u ti\u00ean.<\/p>\n<p>&#8211; Ch\u1ea5t li\u1ec7u kim lo\u1ea1i : H\u1ee3p kim m\u1ea1<\/p>\n<p>&#8211; C\u00e1ch ch\u1ecdn mua v\u00f2ng tay \u01b0ng \u00fd.<\/p>\n<p>+ N\u1ebfu c\u1ed5 tay c\u1ee7a b\u1ea1n qu\u00e1 nh\u1ecf, h\u00e3y ch\u1ecdn mua m\u1ed9t l\u1eafc tay c\u00f3 b\u1ea3n r\u1ed9ng s\u1ebd tr\u00f4ng tay b\u1ea1n s\u1eafc n\u00e9t h\u01a1n, che gi\u1ea5u ho\u00e0n h\u1ea3o nh\u1eefng khuy\u1ebft \u0111i\u1ec3m tr\u00ean c\u00e1nh tay.<\/p>\n<p>+ C\u00f2n v\u1edbi k\u00edch th\u01b0\u1edbc c\u1ed5 tay l\u1edbn, h\u00e3y ch\u1ecdn cho m\u00ecnh m\u1ed9t thi\u1ebft k\u1ebf m\u1ec1m m\u1ea1i, l\u01b0\u1ee3n s\u00f3ng \u0111\u1ec3 t\u1ea1o \u0111i\u1ec3m nh\u1ea5n th\u00eam quy\u1ebfn r\u0169 v\u00e0 s\u1eafc s\u1ea3o. Khi l\u00f2ng b\u00e0n tay v\u00e0 c\u1ed5 tay t\u01b0\u01a1ng \u0111\u1ed1i thon th\u00ec th\u1eadt may m\u1eafn r\u1eb1ng h\u1ea7u h\u1ebft c\u00e1c m\u1eabu l\u1eafc tay n\u1eef \u0111\u1ec1u ph\u00f9 h\u1ee3p v\u1edbi b\u1ea1n.<\/p>\n<p>+ N\u1ebfu b\u1ea1n c\u00f3 c\u00e1nh tay d\u00e0i kh\u00f4ng c\u00e2n \u0111\u1ed1i, h\u00e3y \u0111eo nhi\u1ec1u v\u00f2ng tay b\u1ea3n r\u1ed9ng ho\u1eb7c lo\u1ea1i c\u00f3 h\u1ecda ti\u1ebft l\u1edbn, nh\u01b0 v\u1eady s\u1ebd gi\u00fap t\u1ea1o c\u1ea3m gi\u00e1c c\u00e2n \u0111\u1ed1i v\u00e0 duy\u00ean d\u00e1ng h\u01a1n.<\/p>\n<p>\u0110\u1ed1i v\u1edbi c\u00e1nh tay ng\u1eafn, thi\u1ebft k\u1ebf m\u1ea3nh, \u00f4m s\u00e1t h\u00e0i h\u00f2a v\u1edbi nh\u1eefng \u0111\u01b0\u1eddng v\u00e2n l\u1ea5p l\u00e1nh g\u1ee3i c\u1ea3m l\u00e0 m\u1ed9t s\u1ef1 l\u1ef1a ch\u1ecdn ho\u00e0n h\u1ea3o cho b\u1ea1n.<\/p>\n<p><a href=\"https:\/\/share.google\/Kncmhji9tJOU8SQTM\" target=\"_blank\" rel=\"noopener\">L\u01b0u \u00fd<\/a>: m\u00e0u s\u1eafc h\u00ecnh \u1ea3nh c\u00f3 th\u1ec3 \u1edf m\u1ee9c \u0111\u1ed9 t\u01b0\u01a1ng \u0111\u1ed1i 80%-90% so v\u1edbi s\u1ea3n ph\u1ea9m th\u1ef1c t\u1ebf do ch\u00eanh l\u1ec7ch c\u1ee7a m\u00f4i tr\u01b0\u1eddng \u00e1nh s\u00e1ng.<\/p>\n","protected":false},"excerpt":{"rendered":"<p>V\u1edbi ph\u00e1i \u0111\u1eb9p, v\u00f2ng tay lu\u00f4n l\u00e0 m\u00f3n ph\u1ee5 ki\u1ec7n kh\u00f4ng th\u1ec3 thi\u1ebfu. D\u00f9 trong b\u1ea5t c\u1ee9 ho\u00e0n c\u1ea3nh v\u00e0 \u0111i\u1ec1u ki\u1ec7n n\u00e0o th\u00ec ch\u00fang s\u1ebd t\u00f4n l\u00ean n\u00e9t \u0111\u1eb9p, phong c\u00e1ch v\u00e0 th\u1ea7n th\u00e1i c\u1ee7a b\u1ea1n. B\u1ed9 s\u01b0u t\u1eadp v\u00f2ng tay n\u00e0y s\u1ebd kh\u00f4ng l\u00e0m b\u1ea1n th\u1ea5t v\u1ecdng, lu\u00f4n n\u1ed5i b\u1eadt v\u00e0 thu h\u00fat [&#8230;]\n","protected":false},"featured_media":291,"comment_status":"open","ping_status":"closed","template":"","meta":[],"product_brand":[],"product_cat":[28],"product_tag":[],"class_list":{"0":"post-250","1":"product","2":"type-product","3":"status-publish","4":"has-post-thumbnail","6":"product_cat-vong","8":"first","9":"instock","10":"shipping-taxable","11":"purchasable","12":"product-type-variable"},"yoast_head":"<!-- This site is optimized with the Yoast SEO plugin v27.3 - https:\/\/yoast.com\/product\/yoast-seo-wordpress\/ -->\n<title>L\u1eafc Tay Nhi\u1ec1u L\u1edbp B\u1eb1ng Kim Titan Phong C\u00e1ch \u00c2u M\u1ef9 - Accessories<\/title>\n<meta name=\"robots\" content=\"index, follow, max-snippet:-1, max-image-preview:large, max-video-preview:-1\" \/>\n<link rel=\"canonical\" href=\"https:\/\/accessories.azdigi.shop\/index.php\/product\/lac-tay-nhieu-lop-bang-kim-titan-phong-cach-au-my\/\" \/>\n<meta property=\"og:locale\" content=\"vi_VN\" \/>\n<meta property=\"og:type\" content=\"article\" \/>\n<meta property=\"og:title\" content=\"L\u1eafc Tay Nhi\u1ec1u L\u1edbp B\u1eb1ng Kim Titan Phong C\u00e1ch \u00c2u M\u1ef9 - Accessories\" \/>\n<meta property=\"og:description\" content=\"V\u1edbi ph\u00e1i \u0111\u1eb9p, v\u00f2ng tay lu\u00f4n l\u00e0 m\u00f3n ph\u1ee5 ki\u1ec7n kh\u00f4ng th\u1ec3 thi\u1ebfu. D\u00f9 trong b\u1ea5t c\u1ee9 ho\u00e0n c\u1ea3nh v\u00e0 \u0111i\u1ec1u ki\u1ec7n n\u00e0o th\u00ec ch\u00fang s\u1ebd t\u00f4n l\u00ean n\u00e9t \u0111\u1eb9p, phong c\u00e1ch v\u00e0 th\u1ea7n th\u00e1i c\u1ee7a b\u1ea1n. B\u1ed9 s\u01b0u t\u1eadp v\u00f2ng tay n\u00e0y s\u1ebd kh\u00f4ng l\u00e0m b\u1ea1n th\u1ea5t v\u1ecdng, lu\u00f4n n\u1ed5i b\u1eadt v\u00e0 thu h\u00fat [...]\" \/>\n<meta property=\"og:url\" content=\"https:\/\/accessories.azdigi.shop\/index.php\/product\/lac-tay-nhieu-lop-bang-kim-titan-phong-cach-au-my\/\" \/>\n<meta property=\"og:site_name\" content=\"Accessories\" \/>\n<meta property=\"article:modified_time\" content=\"2026-04-08T08:52:39+00:00\" \/>\n<meta property=\"og:image\" content=\"https:\/\/accessories.azdigi.shop\/wp-content\/uploads\/2026\/04\/z7704181476485_38f84df0ba3c8fa4d34275e18a42dcd3.jpg\" \/>\n\t<meta property=\"og:image:width\" content=\"1290\" \/>\n\t<meta property=\"og:image:height\" content=\"1118\" \/>\n\t<meta property=\"og:image:type\" content=\"image\/jpeg\" \/>\n<meta name=\"twitter:card\" content=\"summary_large_image\" \/>\n<meta name=\"twitter:label1\" content=\"\u01af\u1edbc t\u00ednh th\u1eddi gian \u0111\u1ecdc\" \/>\n\t<meta name=\"twitter:data1\" content=\"2 ph\u00fat\" \/>\n<script type=\"application\/ld+json\" class=\"yoast-schema-graph\">{\"@context\":\"https:\\\/\\\/schema.org\",\"@graph\":[{\"@type\":\"WebPage\",\"@id\":\"https:\\\/\\\/accessories.azdigi.shop\\\/index.php\\\/product\\\/lac-tay-nhieu-lop-bang-kim-titan-phong-cach-au-my\\\/\",\"url\":\"https:\\\/\\\/accessories.azdigi.shop\\\/index.php\\\/product\\\/lac-tay-nhieu-lop-bang-kim-titan-phong-cach-au-my\\\/\",\"name\":\"L\u1eafc Tay Nhi\u1ec1u L\u1edbp B\u1eb1ng Kim Titan Phong C\u00e1ch \u00c2u M\u1ef9 - Accessories\",\"isPartOf\":{\"@id\":\"https:\\\/\\\/accessories.azdigi.shop\\\/#website\"},\"primaryImageOfPage\":{\"@id\":\"https:\\\/\\\/accessories.azdigi.shop\\\/index.php\\\/product\\\/lac-tay-nhieu-lop-bang-kim-titan-phong-cach-au-my\\\/#primaryimage\"},\"image\":{\"@id\":\"https:\\\/\\\/accessories.azdigi.shop\\\/index.php\\\/product\\\/lac-tay-nhieu-lop-bang-kim-titan-phong-cach-au-my\\\/#primaryimage\"},\"thumbnailUrl\":\"https:\\\/\\\/accessories.azdigi.shop\\\/wp-content\\\/uploads\\\/2026\\\/04\\\/z7704181476485_38f84df0ba3c8fa4d34275e18a42dcd3.jpg\",\"datePublished\":\"2026-04-07T15:06:56+00:00\",\"dateModified\":\"2026-04-08T08:52:39+00:00\",\"breadcrumb\":{\"@id\":\"https:\\\/\\\/accessories.azdigi.shop\\\/index.php\\\/product\\\/lac-tay-nhieu-lop-bang-kim-titan-phong-cach-au-my\\\/#breadcrumb\"},\"inLanguage\":\"vi\",\"potentialAction\":[{\"@type\":\"ReadAction\",\"target\":[\"https:\\\/\\\/accessories.azdigi.shop\\\/index.php\\\/product\\\/lac-tay-nhieu-lop-bang-kim-titan-phong-cach-au-my\\\/\"]}]},{\"@type\":\"ImageObject\",\"inLanguage\":\"vi\",\"@id\":\"https:\\\/\\\/accessories.azdigi.shop\\\/index.php\\\/product\\\/lac-tay-nhieu-lop-bang-kim-titan-phong-cach-au-my\\\/#primaryimage\",\"url\":\"https:\\\/\\\/accessories.azdigi.shop\\\/wp-content\\\/uploads\\\/2026\\\/04\\\/z7704181476485_38f84df0ba3c8fa4d34275e18a42dcd3.jpg\",\"contentUrl\":\"https:\\\/\\\/accessories.azdigi.shop\\\/wp-content\\\/uploads\\\/2026\\\/04\\\/z7704181476485_38f84df0ba3c8fa4d34275e18a42dcd3.jpg\",\"width\":1290,\"height\":1118},{\"@type\":\"BreadcrumbList\",\"@id\":\"https:\\\/\\\/accessories.azdigi.shop\\\/index.php\\\/product\\\/lac-tay-nhieu-lop-bang-kim-titan-phong-cach-au-my\\\/#breadcrumb\",\"itemListElement\":[{\"@type\":\"ListItem\",\"position\":1,\"name\":\"Home\",\"item\":\"https:\\\/\\\/accessories.azdigi.shop\\\/\"},{\"@type\":\"ListItem\",\"position\":2,\"name\":\"Shop\",\"item\":\"https:\\\/\\\/accessories.azdigi.shop\\\/index.php\\\/shop\\\/\"},{\"@type\":\"ListItem\",\"position\":3,\"name\":\"L\u1eafc Tay Nhi\u1ec1u L\u1edbp B\u1eb1ng Kim Titan Phong C\u00e1ch \u00c2u M\u1ef9\"}]},{\"@type\":\"WebSite\",\"@id\":\"https:\\\/\\\/accessories.azdigi.shop\\\/#website\",\"url\":\"https:\\\/\\\/accessories.azdigi.shop\\\/\",\"name\":\"Accessories\",\"description\":\"\",\"publisher\":{\"@id\":\"https:\\\/\\\/accessories.azdigi.shop\\\/#organization\"},\"potentialAction\":[{\"@type\":\"SearchAction\",\"target\":{\"@type\":\"EntryPoint\",\"urlTemplate\":\"https:\\\/\\\/accessories.azdigi.shop\\\/?s={search_term_string}\"},\"query-input\":{\"@type\":\"PropertyValueSpecification\",\"valueRequired\":true,\"valueName\":\"search_term_string\"}}],\"inLanguage\":\"vi\"},{\"@type\":\"Organization\",\"@id\":\"https:\\\/\\\/accessories.azdigi.shop\\\/#organization\",\"name\":\"Accessories\",\"url\":\"https:\\\/\\\/accessories.azdigi.shop\\\/\",\"logo\":{\"@type\":\"ImageObject\",\"inLanguage\":\"vi\",\"@id\":\"https:\\\/\\\/accessories.azdigi.shop\\\/#\\\/schema\\\/logo\\\/image\\\/\",\"url\":\"https:\\\/\\\/accessories.azdigi.shop\\\/wp-content\\\/uploads\\\/2026\\\/03\\\/di-1.jpeg\",\"contentUrl\":\"https:\\\/\\\/accessories.azdigi.shop\\\/wp-content\\\/uploads\\\/2026\\\/03\\\/di-1.jpeg\",\"width\":490,\"height\":371,\"caption\":\"Accessories\"},\"image\":{\"@id\":\"https:\\\/\\\/accessories.azdigi.shop\\\/#\\\/schema\\\/logo\\\/image\\\/\"}}]}<\/script>\n<!-- \/ Yoast SEO plugin. -->","yoast_head_json":{"title":"L\u1eafc Tay Nhi\u1ec1u L\u1edbp B\u1eb1ng Kim Titan Phong C\u00e1ch \u00c2u M\u1ef9 - Accessories","robots":{"index":"index","follow":"follow","max-snippet":"max-snippet:-1","max-image-preview":"max-image-preview:large","max-video-preview":"max-video-preview:-1"},"canonical":"https:\/\/accessories.azdigi.shop\/index.php\/product\/lac-tay-nhieu-lop-bang-kim-titan-phong-cach-au-my\/","og_locale":"vi_VN","og_type":"article","og_title":"L\u1eafc Tay Nhi\u1ec1u L\u1edbp B\u1eb1ng Kim Titan Phong C\u00e1ch \u00c2u M\u1ef9 - Accessories","og_description":"V\u1edbi ph\u00e1i \u0111\u1eb9p, v\u00f2ng tay lu\u00f4n l\u00e0 m\u00f3n ph\u1ee5 ki\u1ec7n kh\u00f4ng th\u1ec3 thi\u1ebfu. D\u00f9 trong b\u1ea5t c\u1ee9 ho\u00e0n c\u1ea3nh v\u00e0 \u0111i\u1ec1u ki\u1ec7n n\u00e0o th\u00ec ch\u00fang s\u1ebd t\u00f4n l\u00ean n\u00e9t \u0111\u1eb9p, phong c\u00e1ch v\u00e0 th\u1ea7n th\u00e1i c\u1ee7a b\u1ea1n. B\u1ed9 s\u01b0u t\u1eadp v\u00f2ng tay n\u00e0y s\u1ebd kh\u00f4ng l\u00e0m b\u1ea1n th\u1ea5t v\u1ecdng, lu\u00f4n n\u1ed5i b\u1eadt v\u00e0 thu h\u00fat [...]","og_url":"https:\/\/accessories.azdigi.shop\/index.php\/product\/lac-tay-nhieu-lop-bang-kim-titan-phong-cach-au-my\/","og_site_name":"Accessories","article_modified_time":"2026-04-08T08:52:39+00:00","og_image":[{"width":1290,"height":1118,"url":"https:\/\/accessories.azdigi.shop\/wp-content\/uploads\/2026\/04\/z7704181476485_38f84df0ba3c8fa4d34275e18a42dcd3.jpg","type":"image\/jpeg"}],"twitter_card":"summary_large_image","twitter_misc":{"\u01af\u1edbc t\u00ednh th\u1eddi gian \u0111\u1ecdc":"2 ph\u00fat"},"schema":{"@context":"https:\/\/schema.org","@graph":[{"@type":"WebPage","@id":"https:\/\/accessories.azdigi.shop\/index.php\/product\/lac-tay-nhieu-lop-bang-kim-titan-phong-cach-au-my\/","url":"https:\/\/accessories.azdigi.shop\/index.php\/product\/lac-tay-nhieu-lop-bang-kim-titan-phong-cach-au-my\/","name":"L\u1eafc Tay Nhi\u1ec1u L\u1edbp B\u1eb1ng Kim Titan Phong C\u00e1ch \u00c2u M\u1ef9 - Accessories","isPartOf":{"@id":"https:\/\/accessories.azdigi.shop\/#website"},"primaryImageOfPage":{"@id":"https:\/\/accessories.azdigi.shop\/index.php\/product\/lac-tay-nhieu-lop-bang-kim-titan-phong-cach-au-my\/#primaryimage"},"image":{"@id":"https:\/\/accessories.azdigi.shop\/index.php\/product\/lac-tay-nhieu-lop-bang-kim-titan-phong-cach-au-my\/#primaryimage"},"thumbnailUrl":"https:\/\/accessories.azdigi.shop\/wp-content\/uploads\/2026\/04\/z7704181476485_38f84df0ba3c8fa4d34275e18a42dcd3.jpg","datePublished":"2026-04-07T15:06:56+00:00","dateModified":"2026-04-08T08:52:39+00:00","breadcrumb":{"@id":"https:\/\/accessories.azdigi.shop\/index.php\/product\/lac-tay-nhieu-lop-bang-kim-titan-phong-cach-au-my\/#breadcrumb"},"inLanguage":"vi","potentialAction":[{"@type":"ReadAction","target":["https:\/\/accessories.azdigi.shop\/index.php\/product\/lac-tay-nhieu-lop-bang-kim-titan-phong-cach-au-my\/"]}]},{"@type":"ImageObject","inLanguage":"vi","@id":"https:\/\/accessories.azdigi.shop\/index.php\/product\/lac-tay-nhieu-lop-bang-kim-titan-phong-cach-au-my\/#primaryimage","url":"https:\/\/accessories.azdigi.shop\/wp-content\/uploads\/2026\/04\/z7704181476485_38f84df0ba3c8fa4d34275e18a42dcd3.jpg","contentUrl":"https:\/\/accessories.azdigi.shop\/wp-content\/uploads\/2026\/04\/z7704181476485_38f84df0ba3c8fa4d34275e18a42dcd3.jpg","width":1290,"height":1118},{"@type":"BreadcrumbList","@id":"https:\/\/accessories.azdigi.shop\/index.php\/product\/lac-tay-nhieu-lop-bang-kim-titan-phong-cach-au-my\/#breadcrumb","itemListElement":[{"@type":"ListItem","position":1,"name":"Home","item":"https:\/\/accessories.azdigi.shop\/"},{"@type":"ListItem","position":2,"name":"Shop","item":"https:\/\/accessories.azdigi.shop\/index.php\/shop\/"},{"@type":"ListItem","position":3,"name":"L\u1eafc Tay Nhi\u1ec1u L\u1edbp B\u1eb1ng Kim Titan Phong C\u00e1ch \u00c2u M\u1ef9"}]},{"@type":"WebSite","@id":"https:\/\/accessories.azdigi.shop\/#website","url":"https:\/\/accessories.azdigi.shop\/","name":"Accessories","description":"","publisher":{"@id":"https:\/\/accessories.azdigi.shop\/#organization"},"potentialAction":[{"@type":"SearchAction","target":{"@type":"EntryPoint","urlTemplate":"https:\/\/accessories.azdigi.shop\/?s={search_term_string}"},"query-input":{"@type":"PropertyValueSpecification","valueRequired":true,"valueName":"search_term_string"}}],"inLanguage":"vi"},{"@type":"Organization","@id":"https:\/\/accessories.azdigi.shop\/#organization","name":"Accessories","url":"https:\/\/accessories.azdigi.shop\/","logo":{"@type":"ImageObject","inLanguage":"vi","@id":"https:\/\/accessories.azdigi.shop\/#\/schema\/logo\/image\/","url":"https:\/\/accessories.azdigi.shop\/wp-content\/uploads\/2026\/03\/di-1.jpeg","contentUrl":"https:\/\/accessories.azdigi.shop\/wp-content\/uploads\/2026\/03\/di-1.jpeg","width":490,"height":371,"caption":"Accessories"},"image":{"@id":"https:\/\/accessories.azdigi.shop\/#\/schema\/logo\/image\/"}}]}},"_links":{"self":[{"href":"https:\/\/accessories.azdigi.shop\/index.php\/wp-json\/wp\/v2\/product\/250","targetHints":{"allow":["GET"]}}],"collection":[{"href":"https:\/\/accessories.azdigi.shop\/index.php\/wp-json\/wp\/v2\/product"}],"about":[{"href":"https:\/\/accessories.azdigi.shop\/index.php\/wp-json\/wp\/v2\/types\/product"}],"replies":[{"embeddable":true,"href":"https:\/\/accessories.azdigi.shop\/index.php\/wp-json\/wp\/v2\/comments?post=250"}],"wp:featuredmedia":[{"embeddable":true,"href":"https:\/\/accessories.azdigi.shop\/index.php\/wp-json\/wp\/v2\/media\/291"}],"wp:attachment":[{"href":"https:\/\/accessories.azdigi.shop\/index.php\/wp-json\/wp\/v2\/media?parent=250"}],"wp:term":[{"taxonomy":"product_brand","embeddable":true,"href":"https:\/\/accessories.azdigi.shop\/index.php\/wp-json\/wp\/v2\/product_brand?post=250"},{"taxonomy":"product_cat","embeddable":true,"href":"https:\/\/accessories.azdigi.shop\/index.php\/wp-json\/wp\/v2\/product_cat?post=250"},{"taxonomy":"product_tag","embeddable":true,"href":"https:\/\/accessories.azdigi.shop\/index.php\/wp-json\/wp\/v2\/product_tag?post=250"}],"curies":[{"name":"wp","href":"https:\/\/api.w.org\/{rel}","templated":true}]}}