{"id":399,"date":"2026-04-11T16:28:22","date_gmt":"2026-04-11T16:28:22","guid":{"rendered":"https:\/\/accessories.azdigi.shop\/?post_type=product&#038;p=399"},"modified":"2026-04-11T16:28:22","modified_gmt":"2026-04-11T16:28:22","slug":"bong-tai-nang-tien-ca-trang-suc-nhieu-mau-danh-di-bien","status":"publish","type":"product","link":"https:\/\/accessories.azdigi.shop\/index.php\/product\/bong-tai-nang-tien-ca-trang-suc-nhieu-mau-danh-di-bien\/","title":{"rendered":"B\u00f4ng Tai N\u00e0ng Ti\u00ean C\u00e1 Trang S\u1ee9c Nhi\u1ec1u M\u00e0u D\u00e0nh D\u00ec Bi\u1ec3n"},"content":{"rendered":"<p><a href=\"https:\/\/share.google\/PM4TDOjiGcANS8xZ8\" target=\"_blank\" rel=\"noopener\">B\u00f4ng tai<\/a><\/p>\n<p>Ch\u00e0o m\u1eebng \u0111\u1ebfn v\u1edbi <a href=\"https:\/\/accessories.azdigi.shop\" target=\"_blank\" rel=\"noopener\">Glam Shop<\/a><\/p>\n<p>B\u00f4ng tai c\u00f3 ch\u1ea5t li\u1ec7u Titan<\/p>\n<p>\u2022 Mua s\u1eafm vui v\u1ebb yaa. Gi\u00e1 c\u1ee7a c\u1eeda h\u00e0ng n\u00e0y l\u00e0 \u01b0u \u0111\u00e3i, v\u00e0 c\u00f3 r\u1ea5t nhi\u1ec1u ho\u1ea1t \u0111\u1ed9ng.<\/p>\n<p>Theo d\u00f5i ch\u00fang t\u00f4i, b\u1ea1n c\u00f3 th\u1ec3 nh\u1eadn \u0111\u01b0\u1ee3c tin t\u1ee9c m\u1edbi v\u1ec1 c\u1eeda h\u00e0ng v\u00e0 c\u00e1c \u01b0u \u0111\u00e3i kh\u00e1c nhau.<\/p>\n<p>COD V Mi\u1ec5n ph\u00ed v\u1eadn chuy\u1ec3n 500<\/p>\n<p>+. V Gi\u1ea3m gi\u00e1 50% v\u1eadn chuy\u1ebfn 250<\/p>\n<p>+. V) Thu\u1eadn tay v\u00e0 s\u1eb5n s\u00e0ng giao h\u00e0ng. r\u1ec3i \u0110\u00e2y l\u00e0 t\u1ea5t c\u1ea3 c\u00e1c h\u00ecnh \u1ea3nh th\u1ef1c t\u1ebf. Th\u00f4ng s\u1ed1 k\u1ef9 thu\u1eadt: Thi\u1ebft k\u1ebf hoa v\u0103n v\u00f4 c\u1ef1c ng\u1eafn g\u1ecdn, ngh\u1ec7 thu\u1eadt v\u00e0 th\u1ee7 c\u00f4ng tinh t\u1ebf. V\u00f2ng tay chu\u1ed7i phong c\u00e1ch thanh l\u1ecbch \u0111\u01a1n gi\u1ea3n. Ho\u00e0n h\u1ea3o \u0111\u1ec3 m\u1eb7c h\u00e0ng ng\u00e0y ho\u1eb7c c\u00e1c d\u1ecbp \u0111\u1eb7c bi\u1ec7t. M\u00f3n qu\u00e0 tuy\u1ec7t v\u1eddi cho ch\u00ednh b\u1ea1n ho\u1eb7c b\u1ea1n b\u00e8 c\u1ee7a b\u1ea1n. * L\u01b0u \u00fd: 1. M\u00e0u th\u1ef1c t\u1ebf c\u00f3 th\u1ec3 h\u01a1i kh\u00e1c so v\u1edbi h\u00ecnh \u1ea3nh do m\u00e0n h\u00ecnh v\u00e0 hi\u1ec7u \u1ee9ng \u00e1nh s\u00e1ng kh\u00e1c nhau. 2. Do \u0111o l\u01b0\u1eddng th\u1ee7 c\u00f4ng, xin vui l\u00f2ng cho ph\u00e9p ch\u00eanh l\u1ec7ch 1-5mm, c\u1ea3m \u01a1n b\u1ea1n. * N\u1ebfu b\u1ea1n th\u00edch s\u1ea3n ph\u1ea9m c\u1ee7a ch\u00fang t\u00f4i, h\u00e3y nh\u1edb theo d\u00f5i ch\u00fang t\u00f4i * C\u1ea3m \u01a1n b\u1ea1n \u0111\u00e3 mua s\u1eafm 00<\/p>\n","protected":false},"excerpt":{"rendered":"<p>B\u00f4ng tai Ch\u00e0o m\u1eebng \u0111\u1ebfn v\u1edbi Glam Shop B\u00f4ng tai c\u00f3 ch\u1ea5t li\u1ec7u Titan \u2022 Mua s\u1eafm vui v\u1ebb yaa. Gi\u00e1 c\u1ee7a c\u1eeda h\u00e0ng n\u00e0y l\u00e0 \u01b0u \u0111\u00e3i, v\u00e0 c\u00f3 r\u1ea5t nhi\u1ec1u ho\u1ea1t \u0111\u1ed9ng. Theo d\u00f5i ch\u00fang t\u00f4i, b\u1ea1n c\u00f3 th\u1ec3 nh\u1eadn \u0111\u01b0\u1ee3c tin t\u1ee9c m\u1edbi v\u1ec1 c\u1eeda h\u00e0ng v\u00e0 c\u00e1c \u01b0u \u0111\u00e3i kh\u00e1c nhau. [&#8230;]\n","protected":false},"featured_media":405,"comment_status":"open","ping_status":"closed","template":"","meta":[],"product_brand":[],"product_cat":[32],"product_tag":[],"class_list":{"0":"post-399","1":"product","2":"type-product","3":"status-publish","4":"has-post-thumbnail","6":"product_cat-khuyen-tai","8":"first","9":"instock","10":"shipping-taxable","11":"purchasable","12":"product-type-variable"},"yoast_head":"<!-- This site is optimized with the Yoast SEO plugin v27.3 - https:\/\/yoast.com\/product\/yoast-seo-wordpress\/ -->\n<title>B\u00f4ng Tai N\u00e0ng Ti\u00ean C\u00e1 Trang S\u1ee9c Nhi\u1ec1u M\u00e0u D\u00e0nh D\u00ec Bi\u1ec3n - Accessories<\/title>\n<meta name=\"description\" content=\"B\u00f4ng tai ki\u1ec3u d\u00e0nh cho c\u00e1c n\u00e0ng \u0111i bi\u1ec3n, ph\u1ed1i \u0111\u1ed3 tr\u00f4ng d\u1ecbu d\u00e0ng, sang tr\u1ecdng, h\u1ee3p v\u1edbi m\u1ecdi l\u1ee9a tu\u1ed5i m\u1ecdi th\u1eddi trang. H\u00e3y in b\u1ed1c ngay cho s\u1ed1p \u0111\u1ec3 \u0111\u01b0\u1ee3c h\u1ed7 tr\u1ee3 t\u01b0 v\u1ea5m sp ngay l\u1eadp t\u1ee9c\" \/>\n<meta name=\"robots\" content=\"index, follow, max-snippet:-1, max-image-preview:large, max-video-preview:-1\" \/>\n<link rel=\"canonical\" href=\"https:\/\/accessories.azdigi.shop\/index.php\/product\/bong-tai-nang-tien-ca-trang-suc-nhieu-mau-danh-di-bien\/\" \/>\n<meta property=\"og:locale\" content=\"vi_VN\" \/>\n<meta property=\"og:type\" content=\"article\" \/>\n<meta property=\"og:title\" content=\"B\u00f4ng Tai N\u00e0ng Ti\u00ean C\u00e1 Trang S\u1ee9c Nhi\u1ec1u M\u00e0u D\u00e0nh D\u00ec Bi\u1ec3n - Accessories\" \/>\n<meta property=\"og:description\" content=\"B\u00f4ng tai ki\u1ec3u d\u00e0nh cho c\u00e1c n\u00e0ng \u0111i bi\u1ec3n, ph\u1ed1i \u0111\u1ed3 tr\u00f4ng d\u1ecbu d\u00e0ng, sang tr\u1ecdng, h\u1ee3p v\u1edbi m\u1ecdi l\u1ee9a tu\u1ed5i m\u1ecdi th\u1eddi trang. H\u00e3y in b\u1ed1c ngay cho s\u1ed1p \u0111\u1ec3 \u0111\u01b0\u1ee3c h\u1ed7 tr\u1ee3 t\u01b0 v\u1ea5m sp ngay l\u1eadp t\u1ee9c\" \/>\n<meta property=\"og:url\" content=\"https:\/\/accessories.azdigi.shop\/index.php\/product\/bong-tai-nang-tien-ca-trang-suc-nhieu-mau-danh-di-bien\/\" \/>\n<meta property=\"og:site_name\" content=\"Accessories\" \/>\n<meta property=\"og:image\" content=\"https:\/\/accessories.azdigi.shop\/wp-content\/uploads\/2026\/04\/z7716090225671_791ba55bf30909e99cc5a1113c9ef011.jpg\" \/>\n\t<meta property=\"og:image:width\" content=\"1290\" \/>\n\t<meta property=\"og:image:height\" content=\"1274\" \/>\n\t<meta property=\"og:image:type\" content=\"image\/jpeg\" \/>\n<meta name=\"twitter:card\" content=\"summary_large_image\" \/>\n<meta name=\"twitter:label1\" content=\"\u01af\u1edbc t\u00ednh th\u1eddi gian \u0111\u1ecdc\" \/>\n\t<meta name=\"twitter:data1\" content=\"2 ph\u00fat\" \/>\n<script type=\"application\/ld+json\" class=\"yoast-schema-graph\">{\"@context\":\"https:\\\/\\\/schema.org\",\"@graph\":[{\"@type\":\"WebPage\",\"@id\":\"https:\\\/\\\/accessories.azdigi.shop\\\/index.php\\\/product\\\/bong-tai-nang-tien-ca-trang-suc-nhieu-mau-danh-di-bien\\\/\",\"url\":\"https:\\\/\\\/accessories.azdigi.shop\\\/index.php\\\/product\\\/bong-tai-nang-tien-ca-trang-suc-nhieu-mau-danh-di-bien\\\/\",\"name\":\"B\u00f4ng Tai N\u00e0ng Ti\u00ean C\u00e1 Trang S\u1ee9c Nhi\u1ec1u M\u00e0u D\u00e0nh D\u00ec Bi\u1ec3n - Accessories\",\"isPartOf\":{\"@id\":\"https:\\\/\\\/accessories.azdigi.shop\\\/#website\"},\"primaryImageOfPage\":{\"@id\":\"https:\\\/\\\/accessories.azdigi.shop\\\/index.php\\\/product\\\/bong-tai-nang-tien-ca-trang-suc-nhieu-mau-danh-di-bien\\\/#primaryimage\"},\"image\":{\"@id\":\"https:\\\/\\\/accessories.azdigi.shop\\\/index.php\\\/product\\\/bong-tai-nang-tien-ca-trang-suc-nhieu-mau-danh-di-bien\\\/#primaryimage\"},\"thumbnailUrl\":\"https:\\\/\\\/accessories.azdigi.shop\\\/wp-content\\\/uploads\\\/2026\\\/04\\\/z7716090225671_791ba55bf30909e99cc5a1113c9ef011.jpg\",\"datePublished\":\"2026-04-11T16:28:22+00:00\",\"description\":\"B\u00f4ng tai ki\u1ec3u d\u00e0nh cho c\u00e1c n\u00e0ng \u0111i bi\u1ec3n, ph\u1ed1i \u0111\u1ed3 tr\u00f4ng d\u1ecbu d\u00e0ng, sang tr\u1ecdng, h\u1ee3p v\u1edbi m\u1ecdi l\u1ee9a tu\u1ed5i m\u1ecdi th\u1eddi trang. H\u00e3y in b\u1ed1c ngay cho s\u1ed1p \u0111\u1ec3 \u0111\u01b0\u1ee3c h\u1ed7 tr\u1ee3 t\u01b0 v\u1ea5m sp ngay l\u1eadp t\u1ee9c\",\"breadcrumb\":{\"@id\":\"https:\\\/\\\/accessories.azdigi.shop\\\/index.php\\\/product\\\/bong-tai-nang-tien-ca-trang-suc-nhieu-mau-danh-di-bien\\\/#breadcrumb\"},\"inLanguage\":\"vi\",\"potentialAction\":[{\"@type\":\"ReadAction\",\"target\":[\"https:\\\/\\\/accessories.azdigi.shop\\\/index.php\\\/product\\\/bong-tai-nang-tien-ca-trang-suc-nhieu-mau-danh-di-bien\\\/\"]}]},{\"@type\":\"ImageObject\",\"inLanguage\":\"vi\",\"@id\":\"https:\\\/\\\/accessories.azdigi.shop\\\/index.php\\\/product\\\/bong-tai-nang-tien-ca-trang-suc-nhieu-mau-danh-di-bien\\\/#primaryimage\",\"url\":\"https:\\\/\\\/accessories.azdigi.shop\\\/wp-content\\\/uploads\\\/2026\\\/04\\\/z7716090225671_791ba55bf30909e99cc5a1113c9ef011.jpg\",\"contentUrl\":\"https:\\\/\\\/accessories.azdigi.shop\\\/wp-content\\\/uploads\\\/2026\\\/04\\\/z7716090225671_791ba55bf30909e99cc5a1113c9ef011.jpg\",\"width\":1290,\"height\":1274},{\"@type\":\"BreadcrumbList\",\"@id\":\"https:\\\/\\\/accessories.azdigi.shop\\\/index.php\\\/product\\\/bong-tai-nang-tien-ca-trang-suc-nhieu-mau-danh-di-bien\\\/#breadcrumb\",\"itemListElement\":[{\"@type\":\"ListItem\",\"position\":1,\"name\":\"Home\",\"item\":\"https:\\\/\\\/accessories.azdigi.shop\\\/\"},{\"@type\":\"ListItem\",\"position\":2,\"name\":\"Shop\",\"item\":\"https:\\\/\\\/accessories.azdigi.shop\\\/index.php\\\/shop\\\/\"},{\"@type\":\"ListItem\",\"position\":3,\"name\":\"B\u00f4ng Tai N\u00e0ng Ti\u00ean C\u00e1 Trang S\u1ee9c Nhi\u1ec1u M\u00e0u D\u00e0nh D\u00ec Bi\u1ec3n\"}]},{\"@type\":\"WebSite\",\"@id\":\"https:\\\/\\\/accessories.azdigi.shop\\\/#website\",\"url\":\"https:\\\/\\\/accessories.azdigi.shop\\\/\",\"name\":\"Accessories\",\"description\":\"\",\"publisher\":{\"@id\":\"https:\\\/\\\/accessories.azdigi.shop\\\/#organization\"},\"potentialAction\":[{\"@type\":\"SearchAction\",\"target\":{\"@type\":\"EntryPoint\",\"urlTemplate\":\"https:\\\/\\\/accessories.azdigi.shop\\\/?s={search_term_string}\"},\"query-input\":{\"@type\":\"PropertyValueSpecification\",\"valueRequired\":true,\"valueName\":\"search_term_string\"}}],\"inLanguage\":\"vi\"},{\"@type\":\"Organization\",\"@id\":\"https:\\\/\\\/accessories.azdigi.shop\\\/#organization\",\"name\":\"Accessories\",\"url\":\"https:\\\/\\\/accessories.azdigi.shop\\\/\",\"logo\":{\"@type\":\"ImageObject\",\"inLanguage\":\"vi\",\"@id\":\"https:\\\/\\\/accessories.azdigi.shop\\\/#\\\/schema\\\/logo\\\/image\\\/\",\"url\":\"https:\\\/\\\/accessories.azdigi.shop\\\/wp-content\\\/uploads\\\/2026\\\/03\\\/di-1.jpeg\",\"contentUrl\":\"https:\\\/\\\/accessories.azdigi.shop\\\/wp-content\\\/uploads\\\/2026\\\/03\\\/di-1.jpeg\",\"width\":490,\"height\":371,\"caption\":\"Accessories\"},\"image\":{\"@id\":\"https:\\\/\\\/accessories.azdigi.shop\\\/#\\\/schema\\\/logo\\\/image\\\/\"}}]}<\/script>\n<!-- \/ Yoast SEO plugin. -->","yoast_head_json":{"title":"B\u00f4ng Tai N\u00e0ng Ti\u00ean C\u00e1 Trang S\u1ee9c Nhi\u1ec1u M\u00e0u D\u00e0nh D\u00ec Bi\u1ec3n - Accessories","description":"B\u00f4ng tai ki\u1ec3u d\u00e0nh cho c\u00e1c n\u00e0ng \u0111i bi\u1ec3n, ph\u1ed1i \u0111\u1ed3 tr\u00f4ng d\u1ecbu d\u00e0ng, sang tr\u1ecdng, h\u1ee3p v\u1edbi m\u1ecdi l\u1ee9a tu\u1ed5i m\u1ecdi th\u1eddi trang. H\u00e3y in b\u1ed1c ngay cho s\u1ed1p \u0111\u1ec3 \u0111\u01b0\u1ee3c h\u1ed7 tr\u1ee3 t\u01b0 v\u1ea5m sp ngay l\u1eadp t\u1ee9c","robots":{"index":"index","follow":"follow","max-snippet":"max-snippet:-1","max-image-preview":"max-image-preview:large","max-video-preview":"max-video-preview:-1"},"canonical":"https:\/\/accessories.azdigi.shop\/index.php\/product\/bong-tai-nang-tien-ca-trang-suc-nhieu-mau-danh-di-bien\/","og_locale":"vi_VN","og_type":"article","og_title":"B\u00f4ng Tai N\u00e0ng Ti\u00ean C\u00e1 Trang S\u1ee9c Nhi\u1ec1u M\u00e0u D\u00e0nh D\u00ec Bi\u1ec3n - Accessories","og_description":"B\u00f4ng tai ki\u1ec3u d\u00e0nh cho c\u00e1c n\u00e0ng \u0111i bi\u1ec3n, ph\u1ed1i \u0111\u1ed3 tr\u00f4ng d\u1ecbu d\u00e0ng, sang tr\u1ecdng, h\u1ee3p v\u1edbi m\u1ecdi l\u1ee9a tu\u1ed5i m\u1ecdi th\u1eddi trang. H\u00e3y in b\u1ed1c ngay cho s\u1ed1p \u0111\u1ec3 \u0111\u01b0\u1ee3c h\u1ed7 tr\u1ee3 t\u01b0 v\u1ea5m sp ngay l\u1eadp t\u1ee9c","og_url":"https:\/\/accessories.azdigi.shop\/index.php\/product\/bong-tai-nang-tien-ca-trang-suc-nhieu-mau-danh-di-bien\/","og_site_name":"Accessories","og_image":[{"width":1290,"height":1274,"url":"https:\/\/accessories.azdigi.shop\/wp-content\/uploads\/2026\/04\/z7716090225671_791ba55bf30909e99cc5a1113c9ef011.jpg","type":"image\/jpeg"}],"twitter_card":"summary_large_image","twitter_misc":{"\u01af\u1edbc t\u00ednh th\u1eddi gian \u0111\u1ecdc":"2 ph\u00fat"},"schema":{"@context":"https:\/\/schema.org","@graph":[{"@type":"WebPage","@id":"https:\/\/accessories.azdigi.shop\/index.php\/product\/bong-tai-nang-tien-ca-trang-suc-nhieu-mau-danh-di-bien\/","url":"https:\/\/accessories.azdigi.shop\/index.php\/product\/bong-tai-nang-tien-ca-trang-suc-nhieu-mau-danh-di-bien\/","name":"B\u00f4ng Tai N\u00e0ng Ti\u00ean C\u00e1 Trang S\u1ee9c Nhi\u1ec1u M\u00e0u D\u00e0nh D\u00ec Bi\u1ec3n - Accessories","isPartOf":{"@id":"https:\/\/accessories.azdigi.shop\/#website"},"primaryImageOfPage":{"@id":"https:\/\/accessories.azdigi.shop\/index.php\/product\/bong-tai-nang-tien-ca-trang-suc-nhieu-mau-danh-di-bien\/#primaryimage"},"image":{"@id":"https:\/\/accessories.azdigi.shop\/index.php\/product\/bong-tai-nang-tien-ca-trang-suc-nhieu-mau-danh-di-bien\/#primaryimage"},"thumbnailUrl":"https:\/\/accessories.azdigi.shop\/wp-content\/uploads\/2026\/04\/z7716090225671_791ba55bf30909e99cc5a1113c9ef011.jpg","datePublished":"2026-04-11T16:28:22+00:00","description":"B\u00f4ng tai ki\u1ec3u d\u00e0nh cho c\u00e1c n\u00e0ng \u0111i bi\u1ec3n, ph\u1ed1i \u0111\u1ed3 tr\u00f4ng d\u1ecbu d\u00e0ng, sang tr\u1ecdng, h\u1ee3p v\u1edbi m\u1ecdi l\u1ee9a tu\u1ed5i m\u1ecdi th\u1eddi trang. H\u00e3y in b\u1ed1c ngay cho s\u1ed1p \u0111\u1ec3 \u0111\u01b0\u1ee3c h\u1ed7 tr\u1ee3 t\u01b0 v\u1ea5m sp ngay l\u1eadp t\u1ee9c","breadcrumb":{"@id":"https:\/\/accessories.azdigi.shop\/index.php\/product\/bong-tai-nang-tien-ca-trang-suc-nhieu-mau-danh-di-bien\/#breadcrumb"},"inLanguage":"vi","potentialAction":[{"@type":"ReadAction","target":["https:\/\/accessories.azdigi.shop\/index.php\/product\/bong-tai-nang-tien-ca-trang-suc-nhieu-mau-danh-di-bien\/"]}]},{"@type":"ImageObject","inLanguage":"vi","@id":"https:\/\/accessories.azdigi.shop\/index.php\/product\/bong-tai-nang-tien-ca-trang-suc-nhieu-mau-danh-di-bien\/#primaryimage","url":"https:\/\/accessories.azdigi.shop\/wp-content\/uploads\/2026\/04\/z7716090225671_791ba55bf30909e99cc5a1113c9ef011.jpg","contentUrl":"https:\/\/accessories.azdigi.shop\/wp-content\/uploads\/2026\/04\/z7716090225671_791ba55bf30909e99cc5a1113c9ef011.jpg","width":1290,"height":1274},{"@type":"BreadcrumbList","@id":"https:\/\/accessories.azdigi.shop\/index.php\/product\/bong-tai-nang-tien-ca-trang-suc-nhieu-mau-danh-di-bien\/#breadcrumb","itemListElement":[{"@type":"ListItem","position":1,"name":"Home","item":"https:\/\/accessories.azdigi.shop\/"},{"@type":"ListItem","position":2,"name":"Shop","item":"https:\/\/accessories.azdigi.shop\/index.php\/shop\/"},{"@type":"ListItem","position":3,"name":"B\u00f4ng Tai N\u00e0ng Ti\u00ean C\u00e1 Trang S\u1ee9c Nhi\u1ec1u M\u00e0u D\u00e0nh D\u00ec Bi\u1ec3n"}]},{"@type":"WebSite","@id":"https:\/\/accessories.azdigi.shop\/#website","url":"https:\/\/accessories.azdigi.shop\/","name":"Accessories","description":"","publisher":{"@id":"https:\/\/accessories.azdigi.shop\/#organization"},"potentialAction":[{"@type":"SearchAction","target":{"@type":"EntryPoint","urlTemplate":"https:\/\/accessories.azdigi.shop\/?s={search_term_string}"},"query-input":{"@type":"PropertyValueSpecification","valueRequired":true,"valueName":"search_term_string"}}],"inLanguage":"vi"},{"@type":"Organization","@id":"https:\/\/accessories.azdigi.shop\/#organization","name":"Accessories","url":"https:\/\/accessories.azdigi.shop\/","logo":{"@type":"ImageObject","inLanguage":"vi","@id":"https:\/\/accessories.azdigi.shop\/#\/schema\/logo\/image\/","url":"https:\/\/accessories.azdigi.shop\/wp-content\/uploads\/2026\/03\/di-1.jpeg","contentUrl":"https:\/\/accessories.azdigi.shop\/wp-content\/uploads\/2026\/03\/di-1.jpeg","width":490,"height":371,"caption":"Accessories"},"image":{"@id":"https:\/\/accessories.azdigi.shop\/#\/schema\/logo\/image\/"}}]}},"_links":{"self":[{"href":"https:\/\/accessories.azdigi.shop\/index.php\/wp-json\/wp\/v2\/product\/399","targetHints":{"allow":["GET"]}}],"collection":[{"href":"https:\/\/accessories.azdigi.shop\/index.php\/wp-json\/wp\/v2\/product"}],"about":[{"href":"https:\/\/accessories.azdigi.shop\/index.php\/wp-json\/wp\/v2\/types\/product"}],"replies":[{"embeddable":true,"href":"https:\/\/accessories.azdigi.shop\/index.php\/wp-json\/wp\/v2\/comments?post=399"}],"wp:featuredmedia":[{"embeddable":true,"href":"https:\/\/accessories.azdigi.shop\/index.php\/wp-json\/wp\/v2\/media\/405"}],"wp:attachment":[{"href":"https:\/\/accessories.azdigi.shop\/index.php\/wp-json\/wp\/v2\/media?parent=399"}],"wp:term":[{"taxonomy":"product_brand","embeddable":true,"href":"https:\/\/accessories.azdigi.shop\/index.php\/wp-json\/wp\/v2\/product_brand?post=399"},{"taxonomy":"product_cat","embeddable":true,"href":"https:\/\/accessories.azdigi.shop\/index.php\/wp-json\/wp\/v2\/product_cat?post=399"},{"taxonomy":"product_tag","embeddable":true,"href":"https:\/\/accessories.azdigi.shop\/index.php\/wp-json\/wp\/v2\/product_tag?post=399"}],"curies":[{"name":"wp","href":"https:\/\/api.w.org\/{rel}","templated":true}]}}